{"id":1220,"date":"2024-09-27T05:18:27","date_gmt":"2024-09-27T05:18:27","guid":{"rendered":"https:\/\/wheat-dog-104532.hostingersite.com\/?post_type=product&#038;p=1220"},"modified":"2026-02-10T05:56:10","modified_gmt":"2026-02-10T05:56:10","slug":"raposa-bebe","status":"publish","type":"product","link":"https:\/\/goornament.com.br\/?product=raposa-bebe","title":{"rendered":"Raposa Beb\u00ea"},"content":{"rendered":"\t\t<div data-elementor-type=\"product-post\" data-elementor-id=\"1220\" class=\"elementor elementor-1220\" data-elementor-post-type=\"product\">\n\t\t\t\t<div class=\"elementor-element elementor-element-32e5223d e-con-full e-flex e-con e-parent\" data-id=\"32e5223d\" data-element_type=\"container\" data-e-type=\"container\">\n\t\t\t\t<div class=\"elementor-element elementor-element-69bbac21 elementor-widget elementor-widget-text-editor\" data-id=\"69bbac21\" data-element_type=\"widget\" data-e-type=\"widget\" data-widget_type=\"text-editor.default\">\n\t\t\t\t<div class=\"elementor-widget-container\">\n\t\t\t\t\t\t\t\t\t<div class=\"flex max-w-full flex-col flex-grow\">\n<div class=\"min-h-8 text-message flex w-full flex-col items-end gap-2 whitespace-normal break-words [.text-message+&amp;]:mt-5\" dir=\"auto\" data-message-author-role=\"assistant\" data-message-id=\"8550572c-6a97-4012-83b8-818973b2feb7\">\n<div class=\"flex w-full flex-col gap-1 empty:hidden first:pt-[3px]\">\n<div class=\"markdown prose w-full break-words dark:prose-invert light\">\n<h2 style=\"text-align: center;\"><em>Raposa Beb\u00ea<\/em><\/h2>\n<p style=\"text-align: center;\">Complete o seu conjunto de ternura com o quadro Raposa Radiante. Esta obra captura a ast\u00facia e a do\u00e7ura de uma pequena raposa em um estilo art\u00edstico vibrante,&nbsp;<\/p><p style=\"text-align: center;\">onde os tra\u00e7os geom\u00e9tricos se fundem a uma explos\u00e3o de cores em aquarela. Com uma est\u00e9tica l\u00fadica e moderna, esta pe\u00e7a \u00e9 uma celebra\u00e7\u00e3o&nbsp;<\/p><p style=\"text-align: center;\">da natureza em sua forma mais gentil, trazendo vivacidade e um toque de magia para o seu lar.<\/p>\n<p style=\"text-align: center;\">\u00c9 a escolha ideal para quartos infantis, brinquedotecas ou ambientes criativos, servindo como um ponto de luz e alegria que estimula a imagina\u00e7\u00e3o.<\/p><p style=\"text-align: center;\"><br><\/p>\n<hr>\n<p style=\"text-align: center;\"><strong><em><br><\/em><\/strong><\/p><p style=\"text-align: center;\"><strong><em>Destaques da Obra<\/em><\/strong><\/p>\n<p style=\"text-align: center;\" data-path-to-node=\"4,0,0\"><b data-path-to-node=\"4,0,0\" data-index-in-node=\"0\">Olhar Cativante e Amig\u00e1vel:<\/b> A ilustra\u00e7\u00e3o destaca os olhos expressivos e o sorriso sutil da raposa, criando uma atmosfera de acolhimento e amizade.<\/p>\n<p style=\"text-align: center;\" data-path-to-node=\"4,1,0\"><b data-path-to-node=\"4,1,0\" data-index-in-node=\"0\">Design Geom\u00e9trico e Fluido:<\/b> A combina\u00e7\u00e3o de formas facetadas na pelagem com respingos livres de aquarela confere um ar de design de autor e modernidade \u00e0 pe\u00e7a.<\/p>\n<p style=\"text-align: center;\" data-path-to-node=\"4,2,0\"><b data-path-to-node=\"4,2,0\" data-index-in-node=\"0\">Explos\u00e3o de Cores Tropicais:<\/b> O uso audacioso de tons de laranja, turquesa e magenta cria um contraste vibrante, perfeito para destacar o quadro em qualquer parede.<\/p>\n<p style=\"text-align: center;\" data-path-to-node=\"4,3,0\"><b data-path-to-node=\"4,3,0\" data-index-in-node=\"0\">Harmonia e Criatividade:<\/b> A arte foi pensada para transformar o ambiente em um espa\u00e7o inspirador, unindo a beleza da fauna com a liberdade da arte contempor\u00e2nea.<\/p>\n<\/div>\n<\/div>\n<\/div>\n<\/div>\t\t\t\t\t\t\t\t<\/div>\n\t\t\t\t<\/div>\n\t\t\t\t<\/div>\n\t\t\t\t<\/div>\n\t\t","protected":false},"excerpt":{"rendered":"<p>Raposa Beb\u00ea Complete o seu conjunto de ternura com o quadro Raposa Radiante. Esta obra captura a ast\u00facia e a do\u00e7ura de uma pequena raposa em um estilo art\u00edstico vibrante,&nbsp; onde os tra\u00e7os geom\u00e9tricos se fundem a uma explos\u00e3o de cores em aquarela. Com uma est\u00e9tica l\u00fadica e moderna, esta pe\u00e7a \u00e9 uma celebra\u00e7\u00e3o&nbsp; da [&hellip;]<\/p>\n","protected":false},"featured_media":7521,"comment_status":"open","ping_status":"closed","template":"","meta":{"_joinchat":[]},"product_brand":[],"product_cat":[72,98],"product_tag":[],"class_list":{"0":"post-1220","1":"product","2":"type-product","3":"status-publish","4":"has-post-thumbnail","6":"product_cat-animais","7":"product_cat-infantil","9":"first","10":"instock","11":"sale","12":"taxable","13":"shipping-taxable","14":"purchasable","15":"product-type-variable","16":"has-default-attributes"},"yoast_head":"<!-- This site is optimized with the Yoast SEO plugin v27.3 - https:\/\/yoast.com\/product\/yoast-seo-wordpress\/ -->\n<title>Raposa Beb\u00ea - https:\/\/goornament.com.br<\/title>\n<meta name=\"robots\" content=\"index, follow, max-snippet:-1, max-image-preview:large, max-video-preview:-1\" \/>\n<link rel=\"canonical\" href=\"https:\/\/goornament.com.br\/?product=raposa-bebe\" \/>\n<meta property=\"og:locale\" content=\"pt_BR\" \/>\n<meta property=\"og:type\" content=\"article\" \/>\n<meta property=\"og:title\" content=\"Raposa Beb\u00ea - https:\/\/goornament.com.br\" \/>\n<meta property=\"og:description\" content=\"Raposa Beb\u00ea Complete o seu conjunto de ternura com o quadro Raposa Radiante. Esta obra captura a ast\u00facia e a do\u00e7ura de uma pequena raposa em um estilo art\u00edstico vibrante,&nbsp; onde os tra\u00e7os geom\u00e9tricos se fundem a uma explos\u00e3o de cores em aquarela. Com uma est\u00e9tica l\u00fadica e moderna, esta pe\u00e7a \u00e9 uma celebra\u00e7\u00e3o&nbsp; da [&hellip;]\" \/>\n<meta property=\"og:url\" content=\"https:\/\/goornament.com.br\/?product=raposa-bebe\" \/>\n<meta property=\"og:site_name\" content=\"https:\/\/goornament.com.br\" \/>\n<meta property=\"article:modified_time\" content=\"2026-02-10T05:56:10+00:00\" \/>\n<meta property=\"og:image\" content=\"https:\/\/goornament.com.br\/wp-content\/uploads\/2024\/09\/MOLDURA-COM-VIDRO-3-5.png\" \/>\n\t<meta property=\"og:image:width\" content=\"600\" \/>\n\t<meta property=\"og:image:height\" content=\"900\" \/>\n\t<meta property=\"og:image:type\" content=\"image\/png\" \/>\n<meta name=\"twitter:card\" content=\"summary_large_image\" \/>\n<script type=\"application\/ld+json\" class=\"yoast-schema-graph\">{\"@context\":\"https:\\\/\\\/schema.org\",\"@graph\":[{\"@type\":\"WebPage\",\"@id\":\"https:\\\/\\\/goornament.com.br\\\/?product=raposa-bebe\",\"url\":\"https:\\\/\\\/goornament.com.br\\\/?product=raposa-bebe\",\"name\":\"Raposa Beb\u00ea - https:\\\/\\\/goornament.com.br\",\"isPartOf\":{\"@id\":\"https:\\\/\\\/goornament.com.br\\\/#website\"},\"primaryImageOfPage\":{\"@id\":\"https:\\\/\\\/goornament.com.br\\\/?product=raposa-bebe#primaryimage\"},\"image\":{\"@id\":\"https:\\\/\\\/goornament.com.br\\\/?product=raposa-bebe#primaryimage\"},\"thumbnailUrl\":\"https:\\\/\\\/goornament.com.br\\\/wp-content\\\/uploads\\\/2024\\\/09\\\/MOLDURA-COM-VIDRO-3-5.png\",\"datePublished\":\"2024-09-27T05:18:27+00:00\",\"dateModified\":\"2026-02-10T05:56:10+00:00\",\"breadcrumb\":{\"@id\":\"https:\\\/\\\/goornament.com.br\\\/?product=raposa-bebe#breadcrumb\"},\"inLanguage\":\"pt-BR\",\"potentialAction\":[{\"@type\":\"ReadAction\",\"target\":[\"https:\\\/\\\/goornament.com.br\\\/?product=raposa-bebe\"]}]},{\"@type\":\"ImageObject\",\"inLanguage\":\"pt-BR\",\"@id\":\"https:\\\/\\\/goornament.com.br\\\/?product=raposa-bebe#primaryimage\",\"url\":\"https:\\\/\\\/goornament.com.br\\\/wp-content\\\/uploads\\\/2024\\\/09\\\/MOLDURA-COM-VIDRO-3-5.png\",\"contentUrl\":\"https:\\\/\\\/goornament.com.br\\\/wp-content\\\/uploads\\\/2024\\\/09\\\/MOLDURA-COM-VIDRO-3-5.png\",\"width\":600,\"height\":900},{\"@type\":\"BreadcrumbList\",\"@id\":\"https:\\\/\\\/goornament.com.br\\\/?product=raposa-bebe#breadcrumb\",\"itemListElement\":[{\"@type\":\"ListItem\",\"position\":1,\"name\":\"In\u00edcio\",\"item\":\"https:\\\/\\\/goornament.com.br\\\/\"},{\"@type\":\"ListItem\",\"position\":2,\"name\":\"Loja\",\"item\":\"https:\\\/\\\/mediumvioletred-anteater-114861.hostingersite.com\\\/?page_id=2378\"},{\"@type\":\"ListItem\",\"position\":3,\"name\":\"Raposa Beb\u00ea\"}]},{\"@type\":\"WebSite\",\"@id\":\"https:\\\/\\\/goornament.com.br\\\/#website\",\"url\":\"https:\\\/\\\/goornament.com.br\\\/\",\"name\":\"https:\\\/\\\/goornament.com.br\",\"description\":\"\",\"publisher\":{\"@id\":\"https:\\\/\\\/goornament.com.br\\\/#organization\"},\"potentialAction\":[{\"@type\":\"SearchAction\",\"target\":{\"@type\":\"EntryPoint\",\"urlTemplate\":\"https:\\\/\\\/goornament.com.br\\\/?s={search_term_string}\"},\"query-input\":{\"@type\":\"PropertyValueSpecification\",\"valueRequired\":true,\"valueName\":\"search_term_string\"}}],\"inLanguage\":\"pt-BR\"},{\"@type\":\"Organization\",\"@id\":\"https:\\\/\\\/goornament.com.br\\\/#organization\",\"name\":\"https:\\\/\\\/goornament.com.br\",\"url\":\"https:\\\/\\\/goornament.com.br\\\/\",\"logo\":{\"@type\":\"ImageObject\",\"inLanguage\":\"pt-BR\",\"@id\":\"https:\\\/\\\/goornament.com.br\\\/#\\\/schema\\\/logo\\\/image\\\/\",\"url\":\"https:\\\/\\\/goornament.com.br\\\/wp-content\\\/uploads\\\/2024\\\/10\\\/LOGO-EXPERIMENTO5.png\",\"contentUrl\":\"https:\\\/\\\/goornament.com.br\\\/wp-content\\\/uploads\\\/2024\\\/10\\\/LOGO-EXPERIMENTO5.png\",\"width\":4675,\"height\":4675,\"caption\":\"https:\\\/\\\/goornament.com.br\"},\"image\":{\"@id\":\"https:\\\/\\\/goornament.com.br\\\/#\\\/schema\\\/logo\\\/image\\\/\"}}]}<\/script>\n<!-- \/ Yoast SEO plugin. -->","yoast_head_json":{"title":"Raposa Beb\u00ea - https:\/\/goornament.com.br","robots":{"index":"index","follow":"follow","max-snippet":"max-snippet:-1","max-image-preview":"max-image-preview:large","max-video-preview":"max-video-preview:-1"},"canonical":"https:\/\/goornament.com.br\/?product=raposa-bebe","og_locale":"pt_BR","og_type":"article","og_title":"Raposa Beb\u00ea - https:\/\/goornament.com.br","og_description":"Raposa Beb\u00ea Complete o seu conjunto de ternura com o quadro Raposa Radiante. Esta obra captura a ast\u00facia e a do\u00e7ura de uma pequena raposa em um estilo art\u00edstico vibrante,&nbsp; onde os tra\u00e7os geom\u00e9tricos se fundem a uma explos\u00e3o de cores em aquarela. Com uma est\u00e9tica l\u00fadica e moderna, esta pe\u00e7a \u00e9 uma celebra\u00e7\u00e3o&nbsp; da [&hellip;]","og_url":"https:\/\/goornament.com.br\/?product=raposa-bebe","og_site_name":"https:\/\/goornament.com.br","article_modified_time":"2026-02-10T05:56:10+00:00","og_image":[{"width":600,"height":900,"url":"https:\/\/goornament.com.br\/wp-content\/uploads\/2024\/09\/MOLDURA-COM-VIDRO-3-5.png","type":"image\/png"}],"twitter_card":"summary_large_image","schema":{"@context":"https:\/\/schema.org","@graph":[{"@type":"WebPage","@id":"https:\/\/goornament.com.br\/?product=raposa-bebe","url":"https:\/\/goornament.com.br\/?product=raposa-bebe","name":"Raposa Beb\u00ea - https:\/\/goornament.com.br","isPartOf":{"@id":"https:\/\/goornament.com.br\/#website"},"primaryImageOfPage":{"@id":"https:\/\/goornament.com.br\/?product=raposa-bebe#primaryimage"},"image":{"@id":"https:\/\/goornament.com.br\/?product=raposa-bebe#primaryimage"},"thumbnailUrl":"https:\/\/goornament.com.br\/wp-content\/uploads\/2024\/09\/MOLDURA-COM-VIDRO-3-5.png","datePublished":"2024-09-27T05:18:27+00:00","dateModified":"2026-02-10T05:56:10+00:00","breadcrumb":{"@id":"https:\/\/goornament.com.br\/?product=raposa-bebe#breadcrumb"},"inLanguage":"pt-BR","potentialAction":[{"@type":"ReadAction","target":["https:\/\/goornament.com.br\/?product=raposa-bebe"]}]},{"@type":"ImageObject","inLanguage":"pt-BR","@id":"https:\/\/goornament.com.br\/?product=raposa-bebe#primaryimage","url":"https:\/\/goornament.com.br\/wp-content\/uploads\/2024\/09\/MOLDURA-COM-VIDRO-3-5.png","contentUrl":"https:\/\/goornament.com.br\/wp-content\/uploads\/2024\/09\/MOLDURA-COM-VIDRO-3-5.png","width":600,"height":900},{"@type":"BreadcrumbList","@id":"https:\/\/goornament.com.br\/?product=raposa-bebe#breadcrumb","itemListElement":[{"@type":"ListItem","position":1,"name":"In\u00edcio","item":"https:\/\/goornament.com.br\/"},{"@type":"ListItem","position":2,"name":"Loja","item":"https:\/\/mediumvioletred-anteater-114861.hostingersite.com\/?page_id=2378"},{"@type":"ListItem","position":3,"name":"Raposa Beb\u00ea"}]},{"@type":"WebSite","@id":"https:\/\/goornament.com.br\/#website","url":"https:\/\/goornament.com.br\/","name":"https:\/\/goornament.com.br","description":"","publisher":{"@id":"https:\/\/goornament.com.br\/#organization"},"potentialAction":[{"@type":"SearchAction","target":{"@type":"EntryPoint","urlTemplate":"https:\/\/goornament.com.br\/?s={search_term_string}"},"query-input":{"@type":"PropertyValueSpecification","valueRequired":true,"valueName":"search_term_string"}}],"inLanguage":"pt-BR"},{"@type":"Organization","@id":"https:\/\/goornament.com.br\/#organization","name":"https:\/\/goornament.com.br","url":"https:\/\/goornament.com.br\/","logo":{"@type":"ImageObject","inLanguage":"pt-BR","@id":"https:\/\/goornament.com.br\/#\/schema\/logo\/image\/","url":"https:\/\/goornament.com.br\/wp-content\/uploads\/2024\/10\/LOGO-EXPERIMENTO5.png","contentUrl":"https:\/\/goornament.com.br\/wp-content\/uploads\/2024\/10\/LOGO-EXPERIMENTO5.png","width":4675,"height":4675,"caption":"https:\/\/goornament.com.br"},"image":{"@id":"https:\/\/goornament.com.br\/#\/schema\/logo\/image\/"}}]}},"_links":{"self":[{"href":"https:\/\/goornament.com.br\/index.php?rest_route=\/wp\/v2\/product\/1220","targetHints":{"allow":["GET"]}}],"collection":[{"href":"https:\/\/goornament.com.br\/index.php?rest_route=\/wp\/v2\/product"}],"about":[{"href":"https:\/\/goornament.com.br\/index.php?rest_route=\/wp\/v2\/types\/product"}],"replies":[{"embeddable":true,"href":"https:\/\/goornament.com.br\/index.php?rest_route=%2Fwp%2Fv2%2Fcomments&post=1220"}],"version-history":[{"count":5,"href":"https:\/\/goornament.com.br\/index.php?rest_route=\/wp\/v2\/product\/1220\/revisions"}],"predecessor-version":[{"id":33223,"href":"https:\/\/goornament.com.br\/index.php?rest_route=\/wp\/v2\/product\/1220\/revisions\/33223"}],"wp:featuredmedia":[{"embeddable":true,"href":"https:\/\/goornament.com.br\/index.php?rest_route=\/wp\/v2\/media\/7521"}],"wp:attachment":[{"href":"https:\/\/goornament.com.br\/index.php?rest_route=%2Fwp%2Fv2%2Fmedia&parent=1220"}],"wp:term":[{"taxonomy":"product_brand","embeddable":true,"href":"https:\/\/goornament.com.br\/index.php?rest_route=%2Fwp%2Fv2%2Fproduct_brand&post=1220"},{"taxonomy":"product_cat","embeddable":true,"href":"https:\/\/goornament.com.br\/index.php?rest_route=%2Fwp%2Fv2%2Fproduct_cat&post=1220"},{"taxonomy":"product_tag","embeddable":true,"href":"https:\/\/goornament.com.br\/index.php?rest_route=%2Fwp%2Fv2%2Fproduct_tag&post=1220"}],"curies":[{"name":"wp","href":"https:\/\/api.w.org\/{rel}","templated":true}]}}