{"id":17432,"date":"2025-12-29T00:20:00","date_gmt":"2025-12-29T00:20:00","guid":{"rendered":"https:\/\/goornament.com.br\/?post_type=product&#038;p=17432"},"modified":"2026-02-08T17:11:22","modified_gmt":"2026-02-08T17:11:22","slug":"leao-e-cordeiro","status":"publish","type":"product","link":"https:\/\/goornament.com.br\/?product=leao-e-cordeiro","title":{"rendered":"Le\u00e3o e Cordeiro"},"content":{"rendered":"\t\t<div data-elementor-type=\"product-post\" data-elementor-id=\"17432\" class=\"elementor elementor-17432\" data-elementor-post-type=\"product\">\n\t\t\t\t<div class=\"elementor-element elementor-element-6a78a6f9 e-con-full e-flex e-con e-parent\" data-id=\"6a78a6f9\" data-element_type=\"container\" data-e-type=\"container\">\n\t\t\t\t<div class=\"elementor-element elementor-element-7021cd03 elementor-widget elementor-widget-text-editor\" data-id=\"7021cd03\" data-element_type=\"widget\" data-e-type=\"widget\" data-widget_type=\"text-editor.default\">\n\t\t\t\t<div class=\"elementor-widget-container\">\n\t\t\t\t\t\t\t\t\t<h2 style=\"text-align: center;\"><em><strong>Le\u00e3o e Cordeiro<\/strong><\/em><\/h2>\n<p style=\"text-align: center;\">Esta obra \u00e9 uma representa\u00e7\u00e3o art\u00edstica profunda de um dos contrastes mais poderosos da f\u00e9:<\/p>\n<p style=\"text-align: center;\">a for\u00e7a do Le\u00e3o unida \u00e0 mansid\u00e3o do Cordeiro. Com um estilo de ilustra\u00e7\u00e3o detalhado e cores que evocam o entardecer,<\/p>\n<p style=\"text-align: center;\">este quadro \u00e9 uma pe\u00e7a de contempla\u00e7\u00e3o que traz paz e rever\u00eancia ao ambiente.<\/p>\n<p style=\"text-align: center;\">Ao fundo, a silhueta da cruz sob uma lua cheia ilumina a cena, simbolizando a esperan\u00e7a e a vit\u00f3ria sobre a escurid\u00e3o.<\/p><p style=\"text-align: center;\"><br><\/p>\n<hr>\n<p style=\"text-align: center;\"><em><strong><br><\/strong><\/em><\/p><p style=\"text-align: center;\"><em><strong>Por que ter este quadro no seu ambiente?<\/strong><\/em><\/p>\n<p style=\"text-align: center;\" data-path-to-node=\"6,0,0\"><b data-path-to-node=\"6,0,0\" data-index-in-node=\"0\">Dualidade Simb\u00f3lica:<\/b> Representa o equil\u00edbrio perfeito entre autoridade e humildade, prote\u00e7\u00e3o e sacrif\u00edcio.<\/p>\n<p style=\"text-align: center;\" data-path-to-node=\"6,1,0\"><b data-path-to-node=\"6,1,0\" data-index-in-node=\"0\">Paleta de Cores Harm\u00f4nica:<\/b> Os tons de verde azulado e terracota criam uma atmosfera acolhedora, ideal para salas de estar, quartos ou espa\u00e7os de ora\u00e7\u00e3o.<\/p>\n<p style=\"text-align: center;\" data-path-to-node=\"6,2,0\"><b data-path-to-node=\"6,2,0\" data-index-in-node=\"0\">Arte com Prop\u00f3sito:<\/b> Mais do que um item decorativo, \u00e9 um lembrete visual de valores espirituais e da presen\u00e7a de uma for\u00e7a protetora no lar.<\/p>\t\t\t\t\t\t\t\t<\/div>\n\t\t\t\t<\/div>\n\t\t\t\t<\/div>\n\t\t\t\t<\/div>\n\t\t","protected":false},"excerpt":{"rendered":"<p>Le\u00e3o e Cordeiro Esta obra \u00e9 uma representa\u00e7\u00e3o art\u00edstica profunda de um dos contrastes mais poderosos da f\u00e9: a for\u00e7a do Le\u00e3o unida \u00e0 mansid\u00e3o do Cordeiro. Com um estilo de ilustra\u00e7\u00e3o detalhado e cores que evocam o entardecer, este quadro \u00e9 uma pe\u00e7a de contempla\u00e7\u00e3o que traz paz e rever\u00eancia ao ambiente. Ao fundo, [&hellip;]<\/p>\n","protected":false},"featured_media":17430,"comment_status":"open","ping_status":"closed","template":"","meta":{"_joinchat":[]},"product_brand":[],"product_cat":[72,71],"product_tag":[],"class_list":{"0":"post-17432","1":"product","2":"type-product","3":"status-publish","4":"has-post-thumbnail","6":"product_cat-animais","7":"product_cat-tema-cristao","9":"first","10":"instock","11":"sale","12":"taxable","13":"shipping-taxable","14":"purchasable","15":"product-type-variable","16":"has-default-attributes"},"yoast_head":"<!-- This site is optimized with the Yoast SEO plugin v27.3 - https:\/\/yoast.com\/product\/yoast-seo-wordpress\/ -->\n<title>Le\u00e3o e Cordeiro - https:\/\/goornament.com.br<\/title>\n<meta name=\"robots\" content=\"index, follow, max-snippet:-1, max-image-preview:large, max-video-preview:-1\" \/>\n<link rel=\"canonical\" href=\"https:\/\/goornament.com.br\/?product=leao-e-cordeiro\" \/>\n<meta property=\"og:locale\" content=\"pt_BR\" \/>\n<meta property=\"og:type\" content=\"article\" \/>\n<meta property=\"og:title\" content=\"Le\u00e3o e Cordeiro - https:\/\/goornament.com.br\" \/>\n<meta property=\"og:description\" content=\"Le\u00e3o e Cordeiro Esta obra \u00e9 uma representa\u00e7\u00e3o art\u00edstica profunda de um dos contrastes mais poderosos da f\u00e9: a for\u00e7a do Le\u00e3o unida \u00e0 mansid\u00e3o do Cordeiro. Com um estilo de ilustra\u00e7\u00e3o detalhado e cores que evocam o entardecer, este quadro \u00e9 uma pe\u00e7a de contempla\u00e7\u00e3o que traz paz e rever\u00eancia ao ambiente. Ao fundo, [&hellip;]\" \/>\n<meta property=\"og:url\" content=\"https:\/\/goornament.com.br\/?product=leao-e-cordeiro\" \/>\n<meta property=\"og:site_name\" content=\"https:\/\/goornament.com.br\" \/>\n<meta property=\"article:modified_time\" content=\"2026-02-08T17:11:22+00:00\" \/>\n<meta property=\"og:image\" content=\"https:\/\/goornament.com.br\/wp-content\/uploads\/2025\/12\/Mockup-1-Quadro-Emoldurado2-18.png\" \/>\n\t<meta property=\"og:image:width\" content=\"1000\" \/>\n\t<meta property=\"og:image:height\" content=\"1500\" \/>\n\t<meta property=\"og:image:type\" content=\"image\/png\" \/>\n<meta name=\"twitter:card\" content=\"summary_large_image\" \/>\n<script type=\"application\/ld+json\" class=\"yoast-schema-graph\">{\"@context\":\"https:\\\/\\\/schema.org\",\"@graph\":[{\"@type\":\"WebPage\",\"@id\":\"https:\\\/\\\/goornament.com.br\\\/?product=leao-e-cordeiro\",\"url\":\"https:\\\/\\\/goornament.com.br\\\/?product=leao-e-cordeiro\",\"name\":\"Le\u00e3o e Cordeiro - https:\\\/\\\/goornament.com.br\",\"isPartOf\":{\"@id\":\"https:\\\/\\\/goornament.com.br\\\/#website\"},\"primaryImageOfPage\":{\"@id\":\"https:\\\/\\\/goornament.com.br\\\/?product=leao-e-cordeiro#primaryimage\"},\"image\":{\"@id\":\"https:\\\/\\\/goornament.com.br\\\/?product=leao-e-cordeiro#primaryimage\"},\"thumbnailUrl\":\"https:\\\/\\\/goornament.com.br\\\/wp-content\\\/uploads\\\/2025\\\/12\\\/Mockup-1-Quadro-Emoldurado2-18.png\",\"datePublished\":\"2025-12-29T00:20:00+00:00\",\"dateModified\":\"2026-02-08T17:11:22+00:00\",\"breadcrumb\":{\"@id\":\"https:\\\/\\\/goornament.com.br\\\/?product=leao-e-cordeiro#breadcrumb\"},\"inLanguage\":\"pt-BR\",\"potentialAction\":[{\"@type\":\"ReadAction\",\"target\":[\"https:\\\/\\\/goornament.com.br\\\/?product=leao-e-cordeiro\"]}]},{\"@type\":\"ImageObject\",\"inLanguage\":\"pt-BR\",\"@id\":\"https:\\\/\\\/goornament.com.br\\\/?product=leao-e-cordeiro#primaryimage\",\"url\":\"https:\\\/\\\/goornament.com.br\\\/wp-content\\\/uploads\\\/2025\\\/12\\\/Mockup-1-Quadro-Emoldurado2-18.png\",\"contentUrl\":\"https:\\\/\\\/goornament.com.br\\\/wp-content\\\/uploads\\\/2025\\\/12\\\/Mockup-1-Quadro-Emoldurado2-18.png\",\"width\":1000,\"height\":1500},{\"@type\":\"BreadcrumbList\",\"@id\":\"https:\\\/\\\/goornament.com.br\\\/?product=leao-e-cordeiro#breadcrumb\",\"itemListElement\":[{\"@type\":\"ListItem\",\"position\":1,\"name\":\"In\u00edcio\",\"item\":\"https:\\\/\\\/goornament.com.br\\\/\"},{\"@type\":\"ListItem\",\"position\":2,\"name\":\"Loja\",\"item\":\"https:\\\/\\\/mediumvioletred-anteater-114861.hostingersite.com\\\/?page_id=2378\"},{\"@type\":\"ListItem\",\"position\":3,\"name\":\"Le\u00e3o e Cordeiro\"}]},{\"@type\":\"WebSite\",\"@id\":\"https:\\\/\\\/goornament.com.br\\\/#website\",\"url\":\"https:\\\/\\\/goornament.com.br\\\/\",\"name\":\"https:\\\/\\\/goornament.com.br\",\"description\":\"\",\"publisher\":{\"@id\":\"https:\\\/\\\/goornament.com.br\\\/#organization\"},\"potentialAction\":[{\"@type\":\"SearchAction\",\"target\":{\"@type\":\"EntryPoint\",\"urlTemplate\":\"https:\\\/\\\/goornament.com.br\\\/?s={search_term_string}\"},\"query-input\":{\"@type\":\"PropertyValueSpecification\",\"valueRequired\":true,\"valueName\":\"search_term_string\"}}],\"inLanguage\":\"pt-BR\"},{\"@type\":\"Organization\",\"@id\":\"https:\\\/\\\/goornament.com.br\\\/#organization\",\"name\":\"https:\\\/\\\/goornament.com.br\",\"url\":\"https:\\\/\\\/goornament.com.br\\\/\",\"logo\":{\"@type\":\"ImageObject\",\"inLanguage\":\"pt-BR\",\"@id\":\"https:\\\/\\\/goornament.com.br\\\/#\\\/schema\\\/logo\\\/image\\\/\",\"url\":\"https:\\\/\\\/goornament.com.br\\\/wp-content\\\/uploads\\\/2024\\\/10\\\/LOGO-EXPERIMENTO5.png\",\"contentUrl\":\"https:\\\/\\\/goornament.com.br\\\/wp-content\\\/uploads\\\/2024\\\/10\\\/LOGO-EXPERIMENTO5.png\",\"width\":4675,\"height\":4675,\"caption\":\"https:\\\/\\\/goornament.com.br\"},\"image\":{\"@id\":\"https:\\\/\\\/goornament.com.br\\\/#\\\/schema\\\/logo\\\/image\\\/\"}}]}<\/script>\n<!-- \/ Yoast SEO plugin. -->","yoast_head_json":{"title":"Le\u00e3o e Cordeiro - https:\/\/goornament.com.br","robots":{"index":"index","follow":"follow","max-snippet":"max-snippet:-1","max-image-preview":"max-image-preview:large","max-video-preview":"max-video-preview:-1"},"canonical":"https:\/\/goornament.com.br\/?product=leao-e-cordeiro","og_locale":"pt_BR","og_type":"article","og_title":"Le\u00e3o e Cordeiro - https:\/\/goornament.com.br","og_description":"Le\u00e3o e Cordeiro Esta obra \u00e9 uma representa\u00e7\u00e3o art\u00edstica profunda de um dos contrastes mais poderosos da f\u00e9: a for\u00e7a do Le\u00e3o unida \u00e0 mansid\u00e3o do Cordeiro. Com um estilo de ilustra\u00e7\u00e3o detalhado e cores que evocam o entardecer, este quadro \u00e9 uma pe\u00e7a de contempla\u00e7\u00e3o que traz paz e rever\u00eancia ao ambiente. Ao fundo, [&hellip;]","og_url":"https:\/\/goornament.com.br\/?product=leao-e-cordeiro","og_site_name":"https:\/\/goornament.com.br","article_modified_time":"2026-02-08T17:11:22+00:00","og_image":[{"width":1000,"height":1500,"url":"https:\/\/goornament.com.br\/wp-content\/uploads\/2025\/12\/Mockup-1-Quadro-Emoldurado2-18.png","type":"image\/png"}],"twitter_card":"summary_large_image","schema":{"@context":"https:\/\/schema.org","@graph":[{"@type":"WebPage","@id":"https:\/\/goornament.com.br\/?product=leao-e-cordeiro","url":"https:\/\/goornament.com.br\/?product=leao-e-cordeiro","name":"Le\u00e3o e Cordeiro - https:\/\/goornament.com.br","isPartOf":{"@id":"https:\/\/goornament.com.br\/#website"},"primaryImageOfPage":{"@id":"https:\/\/goornament.com.br\/?product=leao-e-cordeiro#primaryimage"},"image":{"@id":"https:\/\/goornament.com.br\/?product=leao-e-cordeiro#primaryimage"},"thumbnailUrl":"https:\/\/goornament.com.br\/wp-content\/uploads\/2025\/12\/Mockup-1-Quadro-Emoldurado2-18.png","datePublished":"2025-12-29T00:20:00+00:00","dateModified":"2026-02-08T17:11:22+00:00","breadcrumb":{"@id":"https:\/\/goornament.com.br\/?product=leao-e-cordeiro#breadcrumb"},"inLanguage":"pt-BR","potentialAction":[{"@type":"ReadAction","target":["https:\/\/goornament.com.br\/?product=leao-e-cordeiro"]}]},{"@type":"ImageObject","inLanguage":"pt-BR","@id":"https:\/\/goornament.com.br\/?product=leao-e-cordeiro#primaryimage","url":"https:\/\/goornament.com.br\/wp-content\/uploads\/2025\/12\/Mockup-1-Quadro-Emoldurado2-18.png","contentUrl":"https:\/\/goornament.com.br\/wp-content\/uploads\/2025\/12\/Mockup-1-Quadro-Emoldurado2-18.png","width":1000,"height":1500},{"@type":"BreadcrumbList","@id":"https:\/\/goornament.com.br\/?product=leao-e-cordeiro#breadcrumb","itemListElement":[{"@type":"ListItem","position":1,"name":"In\u00edcio","item":"https:\/\/goornament.com.br\/"},{"@type":"ListItem","position":2,"name":"Loja","item":"https:\/\/mediumvioletred-anteater-114861.hostingersite.com\/?page_id=2378"},{"@type":"ListItem","position":3,"name":"Le\u00e3o e Cordeiro"}]},{"@type":"WebSite","@id":"https:\/\/goornament.com.br\/#website","url":"https:\/\/goornament.com.br\/","name":"https:\/\/goornament.com.br","description":"","publisher":{"@id":"https:\/\/goornament.com.br\/#organization"},"potentialAction":[{"@type":"SearchAction","target":{"@type":"EntryPoint","urlTemplate":"https:\/\/goornament.com.br\/?s={search_term_string}"},"query-input":{"@type":"PropertyValueSpecification","valueRequired":true,"valueName":"search_term_string"}}],"inLanguage":"pt-BR"},{"@type":"Organization","@id":"https:\/\/goornament.com.br\/#organization","name":"https:\/\/goornament.com.br","url":"https:\/\/goornament.com.br\/","logo":{"@type":"ImageObject","inLanguage":"pt-BR","@id":"https:\/\/goornament.com.br\/#\/schema\/logo\/image\/","url":"https:\/\/goornament.com.br\/wp-content\/uploads\/2024\/10\/LOGO-EXPERIMENTO5.png","contentUrl":"https:\/\/goornament.com.br\/wp-content\/uploads\/2024\/10\/LOGO-EXPERIMENTO5.png","width":4675,"height":4675,"caption":"https:\/\/goornament.com.br"},"image":{"@id":"https:\/\/goornament.com.br\/#\/schema\/logo\/image\/"}}]}},"_links":{"self":[{"href":"https:\/\/goornament.com.br\/index.php?rest_route=\/wp\/v2\/product\/17432","targetHints":{"allow":["GET"]}}],"collection":[{"href":"https:\/\/goornament.com.br\/index.php?rest_route=\/wp\/v2\/product"}],"about":[{"href":"https:\/\/goornament.com.br\/index.php?rest_route=\/wp\/v2\/types\/product"}],"replies":[{"embeddable":true,"href":"https:\/\/goornament.com.br\/index.php?rest_route=%2Fwp%2Fv2%2Fcomments&post=17432"}],"version-history":[{"count":6,"href":"https:\/\/goornament.com.br\/index.php?rest_route=\/wp\/v2\/product\/17432\/revisions"}],"predecessor-version":[{"id":32799,"href":"https:\/\/goornament.com.br\/index.php?rest_route=\/wp\/v2\/product\/17432\/revisions\/32799"}],"wp:featuredmedia":[{"embeddable":true,"href":"https:\/\/goornament.com.br\/index.php?rest_route=\/wp\/v2\/media\/17430"}],"wp:attachment":[{"href":"https:\/\/goornament.com.br\/index.php?rest_route=%2Fwp%2Fv2%2Fmedia&parent=17432"}],"wp:term":[{"taxonomy":"product_brand","embeddable":true,"href":"https:\/\/goornament.com.br\/index.php?rest_route=%2Fwp%2Fv2%2Fproduct_brand&post=17432"},{"taxonomy":"product_cat","embeddable":true,"href":"https:\/\/goornament.com.br\/index.php?rest_route=%2Fwp%2Fv2%2Fproduct_cat&post=17432"},{"taxonomy":"product_tag","embeddable":true,"href":"https:\/\/goornament.com.br\/index.php?rest_route=%2Fwp%2Fv2%2Fproduct_tag&post=17432"}],"curies":[{"name":"wp","href":"https:\/\/api.w.org\/{rel}","templated":true}]}}