{"id":4141,"date":"2024-11-21T13:50:07","date_gmt":"2024-11-21T13:50:07","guid":{"rendered":"https:\/\/wheat-dog-104532.hostingersite.com\/?post_type=product&#038;p=4141"},"modified":"2026-02-10T06:16:33","modified_gmt":"2026-02-10T06:16:33","slug":"black-model","status":"publish","type":"product","link":"https:\/\/goornament.com.br\/?product=black-model","title":{"rendered":"Black Model"},"content":{"rendered":"\t\t<div data-elementor-type=\"product-post\" data-elementor-id=\"4141\" class=\"elementor elementor-4141\" data-elementor-post-type=\"product\">\n\t\t\t\t<div class=\"elementor-element elementor-element-2feee480 e-con-full e-flex e-con e-parent\" data-id=\"2feee480\" data-element_type=\"container\" data-e-type=\"container\">\n\t\t\t\t<div class=\"elementor-element elementor-element-e8a933b elementor-widget elementor-widget-text-editor\" data-id=\"e8a933b\" data-element_type=\"widget\" data-e-type=\"widget\" data-widget_type=\"text-editor.default\">\n\t\t\t\t<div class=\"elementor-widget-container\">\n\t\t\t\t\t\t\t\t\t<div class=\"flex max-w-full flex-col flex-grow\">\n<div class=\"min-h-8 text-message flex w-full flex-col items-end gap-2 whitespace-normal break-words [.text-message+&amp;]:mt-5\" dir=\"auto\" data-message-author-role=\"assistant\" data-message-id=\"8550572c-6a97-4012-83b8-818973b2feb7\">\n<div class=\"flex w-full flex-col gap-1 empty:hidden first:pt-[3px]\">\n<div class=\"markdown prose w-full break-words dark:prose-invert light\">\n<h2 style=\"text-align: center;\"><em>Black Model<\/em><\/h2>\n<p style=\"text-align: center;\">Esta obra de arte fotogr\u00e1fica apresenta um retrato minimalista e luxuoso, onde a pele em tom \u00e9bano profundo serve como o&nbsp;<\/p><p style=\"text-align: center;\">cen\u00e1rio perfeito para adornos dourados reluzentes. Com uma est\u00e9tica que une a eleg\u00e2ncia da moda cl\u00e1ssica \u00e0 ousadia do design contempor\u00e2neo,&nbsp;<\/p><p style=\"text-align: center;\">esta pe\u00e7a \u00e9 uma celebra\u00e7\u00e3o da identidade e da sofistica\u00e7\u00e3o, trazendo uma aura de prest\u00edgio para o seu lar.<\/p>\n<p style=\"text-align: center;\">\u00c9 a escolha definitiva para salas de estar de alto padr\u00e3o, su\u00edtes master ou \u00e1reas de recep\u00e7\u00e3o, servindo como uma declara\u00e7\u00e3o de estilo que emana confian\u00e7a e nobreza.<\/p><p style=\"text-align: center;\"><br><\/p>\n<hr>\n<p style=\"text-align: center;\"><em><strong><br><\/strong><\/em><\/p><p style=\"text-align: center;\"><em><strong>Destaques da Obra<\/strong><\/em><\/p>\n<p style=\"text-align: center;\" data-path-to-node=\"4,0,0\"><b data-path-to-node=\"4,0,0\" data-index-in-node=\"0\">Luxo nos Detalhes:<\/b> A combina\u00e7\u00e3o do preto fosco da pele com o brilho met\u00e1lico do ouro cria um contraste visual t\u00e1til e hipnotizante, conferindo uma profundidade rica \u00e0 composi\u00e7\u00e3o.<\/p>\n<p style=\"text-align: center;\" data-path-to-node=\"4,1,0\"><b data-path-to-node=\"4,1,0\" data-index-in-node=\"0\">Simbolismo de Realeza:<\/b> Os acess\u00f3rios elaborados, como o adorno de cabe\u00e7a em fios dourados, os brincos de argolas sobrepostas e os l\u00e1bios pintados em ouro, evocam a imagem de uma rainha moderna.<\/p>\n<p style=\"text-align: center;\" data-path-to-node=\"4,2,0\"><b data-path-to-node=\"4,2,0\" data-index-in-node=\"0\">Perspectiva Imponente:<\/b> O \u00e2ngulo da fotografia, ligeiramente de baixo para cima, refor\u00e7a a sensa\u00e7\u00e3o de soberania e orgulho, transformando o quadro em um s\u00edmbolo de for\u00e7a interior.<\/p>\n<p style=\"text-align: center;\" data-path-to-node=\"4,3,0\"><b data-path-to-node=\"4,3,0\" data-index-in-node=\"0\">Design Minimalista e Poderoso:<\/b> A paleta restrita ao preto e dourado garante que a pe\u00e7a se integre perfeitamente a decora\u00e7\u00f5es luxuosas, oferecendo um impacto visual imediato e refinado.<\/p>\n<\/div>\n<\/div>\n<\/div>\n<\/div>\t\t\t\t\t\t\t\t<\/div>\n\t\t\t\t<\/div>\n\t\t\t\t<\/div>\n\t\t\t\t<\/div>\n\t\t","protected":false},"excerpt":{"rendered":"<p>Black Model Esta obra de arte fotogr\u00e1fica apresenta um retrato minimalista e luxuoso, onde a pele em tom \u00e9bano profundo serve como o&nbsp; cen\u00e1rio perfeito para adornos dourados reluzentes. Com uma est\u00e9tica que une a eleg\u00e2ncia da moda cl\u00e1ssica \u00e0 ousadia do design contempor\u00e2neo,&nbsp; esta pe\u00e7a \u00e9 uma celebra\u00e7\u00e3o da identidade e da sofistica\u00e7\u00e3o, trazendo [&hellip;]<\/p>\n","protected":false},"featured_media":7498,"comment_status":"open","ping_status":"closed","template":"","meta":{"_joinchat":[]},"product_brand":[],"product_cat":[73],"product_tag":[],"class_list":{"0":"post-4141","1":"product","2":"type-product","3":"status-publish","4":"has-post-thumbnail","6":"product_cat-abstrato","8":"first","9":"instock","10":"sale","11":"taxable","12":"shipping-taxable","13":"purchasable","14":"product-type-variable","15":"has-default-attributes"},"yoast_head":"<!-- This site is optimized with the Yoast SEO plugin v27.3 - https:\/\/yoast.com\/product\/yoast-seo-wordpress\/ -->\n<title>Black Model - https:\/\/goornament.com.br<\/title>\n<meta name=\"robots\" content=\"index, follow, max-snippet:-1, max-image-preview:large, max-video-preview:-1\" \/>\n<link rel=\"canonical\" href=\"https:\/\/goornament.com.br\/?product=black-model\" \/>\n<meta property=\"og:locale\" content=\"pt_BR\" \/>\n<meta property=\"og:type\" content=\"article\" \/>\n<meta property=\"og:title\" content=\"Black Model - https:\/\/goornament.com.br\" \/>\n<meta property=\"og:description\" content=\"Black Model Esta obra de arte fotogr\u00e1fica apresenta um retrato minimalista e luxuoso, onde a pele em tom \u00e9bano profundo serve como o&nbsp; cen\u00e1rio perfeito para adornos dourados reluzentes. Com uma est\u00e9tica que une a eleg\u00e2ncia da moda cl\u00e1ssica \u00e0 ousadia do design contempor\u00e2neo,&nbsp; esta pe\u00e7a \u00e9 uma celebra\u00e7\u00e3o da identidade e da sofistica\u00e7\u00e3o, trazendo [&hellip;]\" \/>\n<meta property=\"og:url\" content=\"https:\/\/goornament.com.br\/?product=black-model\" \/>\n<meta property=\"og:site_name\" content=\"https:\/\/goornament.com.br\" \/>\n<meta property=\"article:modified_time\" content=\"2026-02-10T06:16:33+00:00\" \/>\n<meta property=\"og:image\" content=\"https:\/\/goornament.com.br\/wp-content\/uploads\/2024\/11\/MOLDURA-COM-VIDRO-3-3.png\" \/>\n\t<meta property=\"og:image:width\" content=\"600\" \/>\n\t<meta property=\"og:image:height\" content=\"900\" \/>\n\t<meta property=\"og:image:type\" content=\"image\/png\" \/>\n<meta name=\"twitter:card\" content=\"summary_large_image\" \/>\n<script type=\"application\/ld+json\" class=\"yoast-schema-graph\">{\"@context\":\"https:\\\/\\\/schema.org\",\"@graph\":[{\"@type\":\"WebPage\",\"@id\":\"https:\\\/\\\/goornament.com.br\\\/?product=black-model\",\"url\":\"https:\\\/\\\/goornament.com.br\\\/?product=black-model\",\"name\":\"Black Model - https:\\\/\\\/goornament.com.br\",\"isPartOf\":{\"@id\":\"https:\\\/\\\/goornament.com.br\\\/#website\"},\"primaryImageOfPage\":{\"@id\":\"https:\\\/\\\/goornament.com.br\\\/?product=black-model#primaryimage\"},\"image\":{\"@id\":\"https:\\\/\\\/goornament.com.br\\\/?product=black-model#primaryimage\"},\"thumbnailUrl\":\"https:\\\/\\\/goornament.com.br\\\/wp-content\\\/uploads\\\/2024\\\/11\\\/MOLDURA-COM-VIDRO-3-3.png\",\"datePublished\":\"2024-11-21T13:50:07+00:00\",\"dateModified\":\"2026-02-10T06:16:33+00:00\",\"breadcrumb\":{\"@id\":\"https:\\\/\\\/goornament.com.br\\\/?product=black-model#breadcrumb\"},\"inLanguage\":\"pt-BR\",\"potentialAction\":[{\"@type\":\"ReadAction\",\"target\":[\"https:\\\/\\\/goornament.com.br\\\/?product=black-model\"]}]},{\"@type\":\"ImageObject\",\"inLanguage\":\"pt-BR\",\"@id\":\"https:\\\/\\\/goornament.com.br\\\/?product=black-model#primaryimage\",\"url\":\"https:\\\/\\\/goornament.com.br\\\/wp-content\\\/uploads\\\/2024\\\/11\\\/MOLDURA-COM-VIDRO-3-3.png\",\"contentUrl\":\"https:\\\/\\\/goornament.com.br\\\/wp-content\\\/uploads\\\/2024\\\/11\\\/MOLDURA-COM-VIDRO-3-3.png\",\"width\":600,\"height\":900},{\"@type\":\"BreadcrumbList\",\"@id\":\"https:\\\/\\\/goornament.com.br\\\/?product=black-model#breadcrumb\",\"itemListElement\":[{\"@type\":\"ListItem\",\"position\":1,\"name\":\"In\u00edcio\",\"item\":\"https:\\\/\\\/goornament.com.br\\\/\"},{\"@type\":\"ListItem\",\"position\":2,\"name\":\"Loja\",\"item\":\"https:\\\/\\\/mediumvioletred-anteater-114861.hostingersite.com\\\/?page_id=2378\"},{\"@type\":\"ListItem\",\"position\":3,\"name\":\"Black Model\"}]},{\"@type\":\"WebSite\",\"@id\":\"https:\\\/\\\/goornament.com.br\\\/#website\",\"url\":\"https:\\\/\\\/goornament.com.br\\\/\",\"name\":\"https:\\\/\\\/goornament.com.br\",\"description\":\"\",\"publisher\":{\"@id\":\"https:\\\/\\\/goornament.com.br\\\/#organization\"},\"potentialAction\":[{\"@type\":\"SearchAction\",\"target\":{\"@type\":\"EntryPoint\",\"urlTemplate\":\"https:\\\/\\\/goornament.com.br\\\/?s={search_term_string}\"},\"query-input\":{\"@type\":\"PropertyValueSpecification\",\"valueRequired\":true,\"valueName\":\"search_term_string\"}}],\"inLanguage\":\"pt-BR\"},{\"@type\":\"Organization\",\"@id\":\"https:\\\/\\\/goornament.com.br\\\/#organization\",\"name\":\"https:\\\/\\\/goornament.com.br\",\"url\":\"https:\\\/\\\/goornament.com.br\\\/\",\"logo\":{\"@type\":\"ImageObject\",\"inLanguage\":\"pt-BR\",\"@id\":\"https:\\\/\\\/goornament.com.br\\\/#\\\/schema\\\/logo\\\/image\\\/\",\"url\":\"https:\\\/\\\/goornament.com.br\\\/wp-content\\\/uploads\\\/2024\\\/10\\\/LOGO-EXPERIMENTO5.png\",\"contentUrl\":\"https:\\\/\\\/goornament.com.br\\\/wp-content\\\/uploads\\\/2024\\\/10\\\/LOGO-EXPERIMENTO5.png\",\"width\":4675,\"height\":4675,\"caption\":\"https:\\\/\\\/goornament.com.br\"},\"image\":{\"@id\":\"https:\\\/\\\/goornament.com.br\\\/#\\\/schema\\\/logo\\\/image\\\/\"}}]}<\/script>\n<!-- \/ Yoast SEO plugin. -->","yoast_head_json":{"title":"Black Model - https:\/\/goornament.com.br","robots":{"index":"index","follow":"follow","max-snippet":"max-snippet:-1","max-image-preview":"max-image-preview:large","max-video-preview":"max-video-preview:-1"},"canonical":"https:\/\/goornament.com.br\/?product=black-model","og_locale":"pt_BR","og_type":"article","og_title":"Black Model - https:\/\/goornament.com.br","og_description":"Black Model Esta obra de arte fotogr\u00e1fica apresenta um retrato minimalista e luxuoso, onde a pele em tom \u00e9bano profundo serve como o&nbsp; cen\u00e1rio perfeito para adornos dourados reluzentes. Com uma est\u00e9tica que une a eleg\u00e2ncia da moda cl\u00e1ssica \u00e0 ousadia do design contempor\u00e2neo,&nbsp; esta pe\u00e7a \u00e9 uma celebra\u00e7\u00e3o da identidade e da sofistica\u00e7\u00e3o, trazendo [&hellip;]","og_url":"https:\/\/goornament.com.br\/?product=black-model","og_site_name":"https:\/\/goornament.com.br","article_modified_time":"2026-02-10T06:16:33+00:00","og_image":[{"width":600,"height":900,"url":"https:\/\/goornament.com.br\/wp-content\/uploads\/2024\/11\/MOLDURA-COM-VIDRO-3-3.png","type":"image\/png"}],"twitter_card":"summary_large_image","schema":{"@context":"https:\/\/schema.org","@graph":[{"@type":"WebPage","@id":"https:\/\/goornament.com.br\/?product=black-model","url":"https:\/\/goornament.com.br\/?product=black-model","name":"Black Model - https:\/\/goornament.com.br","isPartOf":{"@id":"https:\/\/goornament.com.br\/#website"},"primaryImageOfPage":{"@id":"https:\/\/goornament.com.br\/?product=black-model#primaryimage"},"image":{"@id":"https:\/\/goornament.com.br\/?product=black-model#primaryimage"},"thumbnailUrl":"https:\/\/goornament.com.br\/wp-content\/uploads\/2024\/11\/MOLDURA-COM-VIDRO-3-3.png","datePublished":"2024-11-21T13:50:07+00:00","dateModified":"2026-02-10T06:16:33+00:00","breadcrumb":{"@id":"https:\/\/goornament.com.br\/?product=black-model#breadcrumb"},"inLanguage":"pt-BR","potentialAction":[{"@type":"ReadAction","target":["https:\/\/goornament.com.br\/?product=black-model"]}]},{"@type":"ImageObject","inLanguage":"pt-BR","@id":"https:\/\/goornament.com.br\/?product=black-model#primaryimage","url":"https:\/\/goornament.com.br\/wp-content\/uploads\/2024\/11\/MOLDURA-COM-VIDRO-3-3.png","contentUrl":"https:\/\/goornament.com.br\/wp-content\/uploads\/2024\/11\/MOLDURA-COM-VIDRO-3-3.png","width":600,"height":900},{"@type":"BreadcrumbList","@id":"https:\/\/goornament.com.br\/?product=black-model#breadcrumb","itemListElement":[{"@type":"ListItem","position":1,"name":"In\u00edcio","item":"https:\/\/goornament.com.br\/"},{"@type":"ListItem","position":2,"name":"Loja","item":"https:\/\/mediumvioletred-anteater-114861.hostingersite.com\/?page_id=2378"},{"@type":"ListItem","position":3,"name":"Black Model"}]},{"@type":"WebSite","@id":"https:\/\/goornament.com.br\/#website","url":"https:\/\/goornament.com.br\/","name":"https:\/\/goornament.com.br","description":"","publisher":{"@id":"https:\/\/goornament.com.br\/#organization"},"potentialAction":[{"@type":"SearchAction","target":{"@type":"EntryPoint","urlTemplate":"https:\/\/goornament.com.br\/?s={search_term_string}"},"query-input":{"@type":"PropertyValueSpecification","valueRequired":true,"valueName":"search_term_string"}}],"inLanguage":"pt-BR"},{"@type":"Organization","@id":"https:\/\/goornament.com.br\/#organization","name":"https:\/\/goornament.com.br","url":"https:\/\/goornament.com.br\/","logo":{"@type":"ImageObject","inLanguage":"pt-BR","@id":"https:\/\/goornament.com.br\/#\/schema\/logo\/image\/","url":"https:\/\/goornament.com.br\/wp-content\/uploads\/2024\/10\/LOGO-EXPERIMENTO5.png","contentUrl":"https:\/\/goornament.com.br\/wp-content\/uploads\/2024\/10\/LOGO-EXPERIMENTO5.png","width":4675,"height":4675,"caption":"https:\/\/goornament.com.br"},"image":{"@id":"https:\/\/goornament.com.br\/#\/schema\/logo\/image\/"}}]}},"_links":{"self":[{"href":"https:\/\/goornament.com.br\/index.php?rest_route=\/wp\/v2\/product\/4141","targetHints":{"allow":["GET"]}}],"collection":[{"href":"https:\/\/goornament.com.br\/index.php?rest_route=\/wp\/v2\/product"}],"about":[{"href":"https:\/\/goornament.com.br\/index.php?rest_route=\/wp\/v2\/types\/product"}],"replies":[{"embeddable":true,"href":"https:\/\/goornament.com.br\/index.php?rest_route=%2Fwp%2Fv2%2Fcomments&post=4141"}],"version-history":[{"count":5,"href":"https:\/\/goornament.com.br\/index.php?rest_route=\/wp\/v2\/product\/4141\/revisions"}],"predecessor-version":[{"id":33281,"href":"https:\/\/goornament.com.br\/index.php?rest_route=\/wp\/v2\/product\/4141\/revisions\/33281"}],"wp:featuredmedia":[{"embeddable":true,"href":"https:\/\/goornament.com.br\/index.php?rest_route=\/wp\/v2\/media\/7498"}],"wp:attachment":[{"href":"https:\/\/goornament.com.br\/index.php?rest_route=%2Fwp%2Fv2%2Fmedia&parent=4141"}],"wp:term":[{"taxonomy":"product_brand","embeddable":true,"href":"https:\/\/goornament.com.br\/index.php?rest_route=%2Fwp%2Fv2%2Fproduct_brand&post=4141"},{"taxonomy":"product_cat","embeddable":true,"href":"https:\/\/goornament.com.br\/index.php?rest_route=%2Fwp%2Fv2%2Fproduct_cat&post=4141"},{"taxonomy":"product_tag","embeddable":true,"href":"https:\/\/goornament.com.br\/index.php?rest_route=%2Fwp%2Fv2%2Fproduct_tag&post=4141"}],"curies":[{"name":"wp","href":"https:\/\/api.w.org\/{rel}","templated":true}]}}