{"id":4430,"date":"2024-11-21T18:34:11","date_gmt":"2024-11-21T18:34:11","guid":{"rendered":"https:\/\/wheat-dog-104532.hostingersite.com\/?post_type=product&#038;p=4430"},"modified":"2026-02-10T06:19:17","modified_gmt":"2026-02-10T06:19:17","slug":"aviva-nos","status":"publish","type":"product","link":"https:\/\/goornament.com.br\/?product=aviva-nos","title":{"rendered":"Aviva-nos"},"content":{"rendered":"\t\t<div data-elementor-type=\"product-post\" data-elementor-id=\"4430\" class=\"elementor elementor-4430\" data-elementor-post-type=\"product\">\n\t\t\t\t<div class=\"elementor-element elementor-element-47b92cbc e-con-full e-flex e-con e-parent\" data-id=\"47b92cbc\" data-element_type=\"container\" data-e-type=\"container\">\n\t\t\t\t<div class=\"elementor-element elementor-element-7b04cda5 elementor-widget elementor-widget-text-editor\" data-id=\"7b04cda5\" data-element_type=\"widget\" data-e-type=\"widget\" data-widget_type=\"text-editor.default\">\n\t\t\t\t<div class=\"elementor-widget-container\">\n\t\t\t\t\t\t\t\t\t<div class=\"flex max-w-full flex-col flex-grow\">\n<div class=\"min-h-8 text-message flex w-full flex-col items-end gap-2 whitespace-normal break-words [.text-message+&amp;]:mt-5\" dir=\"auto\" data-message-author-role=\"assistant\" data-message-id=\"8550572c-6a97-4012-83b8-818973b2feb7\">\n<div class=\"flex w-full flex-col gap-1 empty:hidden first:pt-[3px]\">\n<div class=\"markdown prose w-full break-words dark:prose-invert light\">\n<h2 style=\"text-align: center;\"><em>Aviva-nos<\/em><\/h2>\n<p style=\"text-align: center;\">Esta obra apresenta uma interpreta\u00e7\u00e3o visceral e poderosa do clamor de Habacuque 3:2: &#8220;Aviva-nos, Senhor&#8221;.&nbsp;<\/p><p style=\"text-align: center;\">Com uma est\u00e9tica que une o tra\u00e7o cl\u00e1ssico da anatomia humana \u00e0 intensidade das chamas em tons de&nbsp;<\/p><p style=\"text-align: center;\">vermelho&nbsp;<span style=\"font-size: 1rem;\">e dourado, esta pe\u00e7a \u00e9 um s\u00edmbolo de paix\u00e3o, renova\u00e7\u00e3o e entrega profunda.<\/span><\/p>\n<p style=\"text-align: center;\">\u00c9 a escolha perfeita para ambientes de ora\u00e7\u00e3o, salas de estudo b\u00edblico ou espa\u00e7os&nbsp;<\/p><p style=\"text-align: center;\">que buscam transmitir uma mensagem de fervor e busca constante pelo divino.<\/p><p style=\"text-align: center;\"><br><\/p>\n<hr>\n<p style=\"text-align: center;\"><em><strong><br><\/strong><\/em><\/p><p style=\"text-align: center;\"><em><strong>Destaques da Obra<\/strong><\/em><\/p>\n<p style=\"text-align: center;\" data-path-to-node=\"4,0,0\"><b data-path-to-node=\"4,0,0\" data-index-in-node=\"0\">Simbolismo Espiritual Intenso:<\/b> A imagem de um cora\u00e7\u00e3o humano em chamas representa o desejo por um avivamento pessoal e coletivo, conectando o observador \u00e0 urg\u00eancia da mensagem b\u00edblica.<\/p>\n<p style=\"text-align: center;\" data-path-to-node=\"4,1,0\"><b data-path-to-node=\"4,1,0\" data-index-in-node=\"0\">Contraste Visual de Impacto:<\/b> O fundo em tom neutro permite que o vermelho vibrante do cora\u00e7\u00e3o e o amarelo das chamas saltem aos olhos, criando um ponto focal de energia e autoridade.<\/p>\n<p style=\"text-align: center;\" data-path-to-node=\"4,2,0\"><b data-path-to-node=\"4,2,0\" data-index-in-node=\"0\">Refer\u00eancia B\u00edblica Marcante:<\/b> A inscri\u00e7\u00e3o &#8220;Habacuque 3:2&#8221; fundamenta a arte em um dos textos mais emblem\u00e1ticos sobre a interven\u00e7\u00e3o e a gl\u00f3ria de Deus na hist\u00f3ria.<\/p>\n<p style=\"text-align: center;\" data-path-to-node=\"4,3,0\"><b data-path-to-node=\"4,3,0\" data-index-in-node=\"0\">Est\u00e9tica Contempor\u00e2nea e Atemporal:<\/b> O estilo de ilustra\u00e7\u00e3o, que remete a gravuras antigas com um toque moderno de design gr\u00e1fico, torna a pe\u00e7a vers\u00e1til para diferentes estilos de decora\u00e7\u00e3o sacra ou moderna.<\/p>\n<\/div>\n<\/div>\n<\/div>\n<\/div>\t\t\t\t\t\t\t\t<\/div>\n\t\t\t\t<\/div>\n\t\t\t\t<\/div>\n\t\t\t\t<\/div>\n\t\t","protected":false},"excerpt":{"rendered":"<p>Aviva-nos Esta obra apresenta uma interpreta\u00e7\u00e3o visceral e poderosa do clamor de Habacuque 3:2: &#8220;Aviva-nos, Senhor&#8221;.&nbsp; Com uma est\u00e9tica que une o tra\u00e7o cl\u00e1ssico da anatomia humana \u00e0 intensidade das chamas em tons de&nbsp; vermelho&nbsp;e dourado, esta pe\u00e7a \u00e9 um s\u00edmbolo de paix\u00e3o, renova\u00e7\u00e3o e entrega profunda. \u00c9 a escolha perfeita para ambientes de ora\u00e7\u00e3o, [&hellip;]<\/p>\n","protected":false},"featured_media":7510,"comment_status":"open","ping_status":"closed","template":"","meta":{"_joinchat":[]},"product_brand":[],"product_cat":[70,71],"product_tag":[],"class_list":{"0":"post-4430","1":"product","2":"type-product","3":"status-publish","4":"has-post-thumbnail","6":"product_cat-frases","7":"product_cat-tema-cristao","9":"first","10":"instock","11":"sale","12":"taxable","13":"shipping-taxable","14":"purchasable","15":"product-type-variable","16":"has-default-attributes"},"yoast_head":"<!-- This site is optimized with the Yoast SEO plugin v27.3 - https:\/\/yoast.com\/product\/yoast-seo-wordpress\/ -->\n<title>Aviva-nos - https:\/\/goornament.com.br<\/title>\n<meta name=\"robots\" content=\"index, follow, max-snippet:-1, max-image-preview:large, max-video-preview:-1\" \/>\n<link rel=\"canonical\" href=\"https:\/\/goornament.com.br\/?product=aviva-nos\" \/>\n<meta property=\"og:locale\" content=\"pt_BR\" \/>\n<meta property=\"og:type\" content=\"article\" \/>\n<meta property=\"og:title\" content=\"Aviva-nos - https:\/\/goornament.com.br\" \/>\n<meta property=\"og:description\" content=\"Aviva-nos Esta obra apresenta uma interpreta\u00e7\u00e3o visceral e poderosa do clamor de Habacuque 3:2: &#8220;Aviva-nos, Senhor&#8221;.&nbsp; Com uma est\u00e9tica que une o tra\u00e7o cl\u00e1ssico da anatomia humana \u00e0 intensidade das chamas em tons de&nbsp; vermelho&nbsp;e dourado, esta pe\u00e7a \u00e9 um s\u00edmbolo de paix\u00e3o, renova\u00e7\u00e3o e entrega profunda. \u00c9 a escolha perfeita para ambientes de ora\u00e7\u00e3o, [&hellip;]\" \/>\n<meta property=\"og:url\" content=\"https:\/\/goornament.com.br\/?product=aviva-nos\" \/>\n<meta property=\"og:site_name\" content=\"https:\/\/goornament.com.br\" \/>\n<meta property=\"article:modified_time\" content=\"2026-02-10T06:19:17+00:00\" \/>\n<meta property=\"og:image\" content=\"https:\/\/goornament.com.br\/wp-content\/uploads\/2024\/11\/MOLDURA-COM-VIDRO-3-5.png\" \/>\n\t<meta property=\"og:image:width\" content=\"600\" \/>\n\t<meta property=\"og:image:height\" content=\"900\" \/>\n\t<meta property=\"og:image:type\" content=\"image\/png\" \/>\n<meta name=\"twitter:card\" content=\"summary_large_image\" \/>\n<script type=\"application\/ld+json\" class=\"yoast-schema-graph\">{\"@context\":\"https:\\\/\\\/schema.org\",\"@graph\":[{\"@type\":\"WebPage\",\"@id\":\"https:\\\/\\\/goornament.com.br\\\/?product=aviva-nos\",\"url\":\"https:\\\/\\\/goornament.com.br\\\/?product=aviva-nos\",\"name\":\"Aviva-nos - https:\\\/\\\/goornament.com.br\",\"isPartOf\":{\"@id\":\"https:\\\/\\\/goornament.com.br\\\/#website\"},\"primaryImageOfPage\":{\"@id\":\"https:\\\/\\\/goornament.com.br\\\/?product=aviva-nos#primaryimage\"},\"image\":{\"@id\":\"https:\\\/\\\/goornament.com.br\\\/?product=aviva-nos#primaryimage\"},\"thumbnailUrl\":\"https:\\\/\\\/goornament.com.br\\\/wp-content\\\/uploads\\\/2024\\\/11\\\/MOLDURA-COM-VIDRO-3-5.png\",\"datePublished\":\"2024-11-21T18:34:11+00:00\",\"dateModified\":\"2026-02-10T06:19:17+00:00\",\"breadcrumb\":{\"@id\":\"https:\\\/\\\/goornament.com.br\\\/?product=aviva-nos#breadcrumb\"},\"inLanguage\":\"pt-BR\",\"potentialAction\":[{\"@type\":\"ReadAction\",\"target\":[\"https:\\\/\\\/goornament.com.br\\\/?product=aviva-nos\"]}]},{\"@type\":\"ImageObject\",\"inLanguage\":\"pt-BR\",\"@id\":\"https:\\\/\\\/goornament.com.br\\\/?product=aviva-nos#primaryimage\",\"url\":\"https:\\\/\\\/goornament.com.br\\\/wp-content\\\/uploads\\\/2024\\\/11\\\/MOLDURA-COM-VIDRO-3-5.png\",\"contentUrl\":\"https:\\\/\\\/goornament.com.br\\\/wp-content\\\/uploads\\\/2024\\\/11\\\/MOLDURA-COM-VIDRO-3-5.png\",\"width\":600,\"height\":900},{\"@type\":\"BreadcrumbList\",\"@id\":\"https:\\\/\\\/goornament.com.br\\\/?product=aviva-nos#breadcrumb\",\"itemListElement\":[{\"@type\":\"ListItem\",\"position\":1,\"name\":\"In\u00edcio\",\"item\":\"https:\\\/\\\/goornament.com.br\\\/\"},{\"@type\":\"ListItem\",\"position\":2,\"name\":\"Loja\",\"item\":\"https:\\\/\\\/mediumvioletred-anteater-114861.hostingersite.com\\\/?page_id=2378\"},{\"@type\":\"ListItem\",\"position\":3,\"name\":\"Aviva-nos\"}]},{\"@type\":\"WebSite\",\"@id\":\"https:\\\/\\\/goornament.com.br\\\/#website\",\"url\":\"https:\\\/\\\/goornament.com.br\\\/\",\"name\":\"https:\\\/\\\/goornament.com.br\",\"description\":\"\",\"publisher\":{\"@id\":\"https:\\\/\\\/goornament.com.br\\\/#organization\"},\"potentialAction\":[{\"@type\":\"SearchAction\",\"target\":{\"@type\":\"EntryPoint\",\"urlTemplate\":\"https:\\\/\\\/goornament.com.br\\\/?s={search_term_string}\"},\"query-input\":{\"@type\":\"PropertyValueSpecification\",\"valueRequired\":true,\"valueName\":\"search_term_string\"}}],\"inLanguage\":\"pt-BR\"},{\"@type\":\"Organization\",\"@id\":\"https:\\\/\\\/goornament.com.br\\\/#organization\",\"name\":\"https:\\\/\\\/goornament.com.br\",\"url\":\"https:\\\/\\\/goornament.com.br\\\/\",\"logo\":{\"@type\":\"ImageObject\",\"inLanguage\":\"pt-BR\",\"@id\":\"https:\\\/\\\/goornament.com.br\\\/#\\\/schema\\\/logo\\\/image\\\/\",\"url\":\"https:\\\/\\\/goornament.com.br\\\/wp-content\\\/uploads\\\/2024\\\/10\\\/LOGO-EXPERIMENTO5.png\",\"contentUrl\":\"https:\\\/\\\/goornament.com.br\\\/wp-content\\\/uploads\\\/2024\\\/10\\\/LOGO-EXPERIMENTO5.png\",\"width\":4675,\"height\":4675,\"caption\":\"https:\\\/\\\/goornament.com.br\"},\"image\":{\"@id\":\"https:\\\/\\\/goornament.com.br\\\/#\\\/schema\\\/logo\\\/image\\\/\"}}]}<\/script>\n<!-- \/ Yoast SEO plugin. -->","yoast_head_json":{"title":"Aviva-nos - https:\/\/goornament.com.br","robots":{"index":"index","follow":"follow","max-snippet":"max-snippet:-1","max-image-preview":"max-image-preview:large","max-video-preview":"max-video-preview:-1"},"canonical":"https:\/\/goornament.com.br\/?product=aviva-nos","og_locale":"pt_BR","og_type":"article","og_title":"Aviva-nos - https:\/\/goornament.com.br","og_description":"Aviva-nos Esta obra apresenta uma interpreta\u00e7\u00e3o visceral e poderosa do clamor de Habacuque 3:2: &#8220;Aviva-nos, Senhor&#8221;.&nbsp; Com uma est\u00e9tica que une o tra\u00e7o cl\u00e1ssico da anatomia humana \u00e0 intensidade das chamas em tons de&nbsp; vermelho&nbsp;e dourado, esta pe\u00e7a \u00e9 um s\u00edmbolo de paix\u00e3o, renova\u00e7\u00e3o e entrega profunda. \u00c9 a escolha perfeita para ambientes de ora\u00e7\u00e3o, [&hellip;]","og_url":"https:\/\/goornament.com.br\/?product=aviva-nos","og_site_name":"https:\/\/goornament.com.br","article_modified_time":"2026-02-10T06:19:17+00:00","og_image":[{"width":600,"height":900,"url":"https:\/\/goornament.com.br\/wp-content\/uploads\/2024\/11\/MOLDURA-COM-VIDRO-3-5.png","type":"image\/png"}],"twitter_card":"summary_large_image","schema":{"@context":"https:\/\/schema.org","@graph":[{"@type":"WebPage","@id":"https:\/\/goornament.com.br\/?product=aviva-nos","url":"https:\/\/goornament.com.br\/?product=aviva-nos","name":"Aviva-nos - https:\/\/goornament.com.br","isPartOf":{"@id":"https:\/\/goornament.com.br\/#website"},"primaryImageOfPage":{"@id":"https:\/\/goornament.com.br\/?product=aviva-nos#primaryimage"},"image":{"@id":"https:\/\/goornament.com.br\/?product=aviva-nos#primaryimage"},"thumbnailUrl":"https:\/\/goornament.com.br\/wp-content\/uploads\/2024\/11\/MOLDURA-COM-VIDRO-3-5.png","datePublished":"2024-11-21T18:34:11+00:00","dateModified":"2026-02-10T06:19:17+00:00","breadcrumb":{"@id":"https:\/\/goornament.com.br\/?product=aviva-nos#breadcrumb"},"inLanguage":"pt-BR","potentialAction":[{"@type":"ReadAction","target":["https:\/\/goornament.com.br\/?product=aviva-nos"]}]},{"@type":"ImageObject","inLanguage":"pt-BR","@id":"https:\/\/goornament.com.br\/?product=aviva-nos#primaryimage","url":"https:\/\/goornament.com.br\/wp-content\/uploads\/2024\/11\/MOLDURA-COM-VIDRO-3-5.png","contentUrl":"https:\/\/goornament.com.br\/wp-content\/uploads\/2024\/11\/MOLDURA-COM-VIDRO-3-5.png","width":600,"height":900},{"@type":"BreadcrumbList","@id":"https:\/\/goornament.com.br\/?product=aviva-nos#breadcrumb","itemListElement":[{"@type":"ListItem","position":1,"name":"In\u00edcio","item":"https:\/\/goornament.com.br\/"},{"@type":"ListItem","position":2,"name":"Loja","item":"https:\/\/mediumvioletred-anteater-114861.hostingersite.com\/?page_id=2378"},{"@type":"ListItem","position":3,"name":"Aviva-nos"}]},{"@type":"WebSite","@id":"https:\/\/goornament.com.br\/#website","url":"https:\/\/goornament.com.br\/","name":"https:\/\/goornament.com.br","description":"","publisher":{"@id":"https:\/\/goornament.com.br\/#organization"},"potentialAction":[{"@type":"SearchAction","target":{"@type":"EntryPoint","urlTemplate":"https:\/\/goornament.com.br\/?s={search_term_string}"},"query-input":{"@type":"PropertyValueSpecification","valueRequired":true,"valueName":"search_term_string"}}],"inLanguage":"pt-BR"},{"@type":"Organization","@id":"https:\/\/goornament.com.br\/#organization","name":"https:\/\/goornament.com.br","url":"https:\/\/goornament.com.br\/","logo":{"@type":"ImageObject","inLanguage":"pt-BR","@id":"https:\/\/goornament.com.br\/#\/schema\/logo\/image\/","url":"https:\/\/goornament.com.br\/wp-content\/uploads\/2024\/10\/LOGO-EXPERIMENTO5.png","contentUrl":"https:\/\/goornament.com.br\/wp-content\/uploads\/2024\/10\/LOGO-EXPERIMENTO5.png","width":4675,"height":4675,"caption":"https:\/\/goornament.com.br"},"image":{"@id":"https:\/\/goornament.com.br\/#\/schema\/logo\/image\/"}}]}},"_links":{"self":[{"href":"https:\/\/goornament.com.br\/index.php?rest_route=\/wp\/v2\/product\/4430","targetHints":{"allow":["GET"]}}],"collection":[{"href":"https:\/\/goornament.com.br\/index.php?rest_route=\/wp\/v2\/product"}],"about":[{"href":"https:\/\/goornament.com.br\/index.php?rest_route=\/wp\/v2\/types\/product"}],"replies":[{"embeddable":true,"href":"https:\/\/goornament.com.br\/index.php?rest_route=%2Fwp%2Fv2%2Fcomments&post=4430"}],"version-history":[{"count":5,"href":"https:\/\/goornament.com.br\/index.php?rest_route=\/wp\/v2\/product\/4430\/revisions"}],"predecessor-version":[{"id":33291,"href":"https:\/\/goornament.com.br\/index.php?rest_route=\/wp\/v2\/product\/4430\/revisions\/33291"}],"wp:featuredmedia":[{"embeddable":true,"href":"https:\/\/goornament.com.br\/index.php?rest_route=\/wp\/v2\/media\/7510"}],"wp:attachment":[{"href":"https:\/\/goornament.com.br\/index.php?rest_route=%2Fwp%2Fv2%2Fmedia&parent=4430"}],"wp:term":[{"taxonomy":"product_brand","embeddable":true,"href":"https:\/\/goornament.com.br\/index.php?rest_route=%2Fwp%2Fv2%2Fproduct_brand&post=4430"},{"taxonomy":"product_cat","embeddable":true,"href":"https:\/\/goornament.com.br\/index.php?rest_route=%2Fwp%2Fv2%2Fproduct_cat&post=4430"},{"taxonomy":"product_tag","embeddable":true,"href":"https:\/\/goornament.com.br\/index.php?rest_route=%2Fwp%2Fv2%2Fproduct_tag&post=4430"}],"curies":[{"name":"wp","href":"https:\/\/api.w.org\/{rel}","templated":true}]}}