{"id":6246,"date":"2024-12-03T04:07:42","date_gmt":"2024-12-03T04:07:42","guid":{"rendered":"https:\/\/wheat-dog-104532.hostingersite.com\/?post_type=product&#038;p=6246"},"modified":"2026-02-10T05:32:43","modified_gmt":"2026-02-10T05:32:43","slug":"florata-abstrato-copia","status":"publish","type":"product","link":"https:\/\/goornament.com.br\/?product=florata-abstrato-copia","title":{"rendered":"Gales Avivamento"},"content":{"rendered":"\t\t<div data-elementor-type=\"product-post\" data-elementor-id=\"6246\" class=\"elementor elementor-6246\" data-elementor-post-type=\"product\">\n\t\t\t\t<div class=\"elementor-element elementor-element-2b93618e e-con-full e-flex e-con e-parent\" data-id=\"2b93618e\" data-element_type=\"container\" data-e-type=\"container\">\n\t\t\t\t<div class=\"elementor-element elementor-element-5c18b678 elementor-widget elementor-widget-text-editor\" data-id=\"5c18b678\" data-element_type=\"widget\" data-e-type=\"widget\" data-widget_type=\"text-editor.default\">\n\t\t\t\t<div class=\"elementor-widget-container\">\n\t\t\t\t\t\t\t\t\t<div class=\"flex max-w-full flex-col flex-grow\">\n<div class=\"min-h-8 text-message flex w-full flex-col items-end gap-2 whitespace-normal break-words [.text-message+&amp;]:mt-5\" dir=\"auto\" data-message-author-role=\"assistant\" data-message-id=\"8550572c-6a97-4012-83b8-818973b2feb7\">\n<div class=\"flex w-full flex-col gap-1 empty:hidden first:pt-[3px]\">\n<div class=\"markdown prose w-full break-words dark:prose-invert light\">\n<h2 style=\"text-align: center;\"><em><strong>Gales Avivamento<\/strong><\/em><\/h2>\n<p style=\"text-align: center;\">Celebre um dos momentos mais marcantes da hist\u00f3ria crist\u00e3 com o quadro <b data-path-to-node=\"3\" data-index-in-node=\"71\">Chama de Gales<\/b>.<\/p>\n<p style=\"text-align: center;\">Esta pe\u00e7a \u00e9 um tributo ao Avivamento de 1904, liderado por Evan Roberts, que transformou uma na\u00e7\u00e3o e ecoou pelo mundo.<\/p>\n<p style=\"text-align: center;\">Com uma est\u00e9tica cl\u00e1ssica sobre um fundo terracota texturizado, a obra traz uma cita\u00e7\u00e3o poderosa sobre a intensidade<\/p>\n<p style=\"text-align: center;\">da presen\u00e7a divina nos p\u00falpitos da \u00e9poca, servindo como um convite constante \u00e0 renova\u00e7\u00e3o espiritual em seu lar.<\/p>\n<p style=\"text-align: center;\">Ideal para escrit\u00f3rios, bibliotecas ou salas de estar de quem valoriza a hist\u00f3ria do cristianismo<\/p>\n<p style=\"text-align: center;\">e busca uma decora\u00e7\u00e3o com profundidade teol\u00f3gica.<\/p><p style=\"text-align: center;\"><br><\/p>\n<hr>\n<p style=\"text-align: center;\"><em><strong><br><\/strong><\/em><\/p><p style=\"text-align: center;\"><em><strong>Destaques da Obra<\/strong><\/em><\/p>\n<p style=\"text-align: center;\" data-path-to-node=\"6,0,0\"><b data-path-to-node=\"6,0,0\" data-index-in-node=\"0\">Resgate Hist\u00f3rico:<\/b> Homenageia o Avivamento de Gales e a figura de Evan Roberts, conectando seu ambiente a um legado de f\u00e9 e fervor.<\/p>\n<p style=\"text-align: center;\" data-path-to-node=\"6,1,0\"><b data-path-to-node=\"6,1,0\" data-index-in-node=\"0\">Est\u00e9tica Vintage Sofisticada:<\/b> O fundo em tom terracota com textura de papel antigo confere um ar de documento hist\u00f3rico e autoridade \u00e0 pe\u00e7a.<\/p>\n<p style=\"text-align: center;\" data-path-to-node=\"6,2,0\"><b data-path-to-node=\"6,2,0\" data-index-in-node=\"0\">Tipografia Cl\u00e1ssica:<\/b> O uso de fontes serifadas e elementos bot\u00e2nicos lineares cria um design equilibrado que remete \u00e0s publica\u00e7\u00f5es do in\u00edcio do s\u00e9culo XX.<\/p>\n<p style=\"text-align: center;\" data-path-to-node=\"6,3,0\"><b data-path-to-node=\"6,3,0\" data-index-in-node=\"0\">Mensagem de Impacto:<\/b> A cita\u00e7\u00e3o central descreve a &#8220;luz forte&#8221; da presen\u00e7a de Deus, tornando o quadro um ponto de inspira\u00e7\u00e3o e conversa sobre o agir divino.<\/p>\n<\/div>\n<\/div>\n<\/div>\n<\/div>\t\t\t\t\t\t\t\t<\/div>\n\t\t\t\t<\/div>\n\t\t\t\t<\/div>\n\t\t\t\t<\/div>\n\t\t","protected":false},"excerpt":{"rendered":"<p>Gales Avivamento Celebre um dos momentos mais marcantes da hist\u00f3ria crist\u00e3 com o quadro Chama de Gales. Esta pe\u00e7a \u00e9 um tributo ao Avivamento de 1904, liderado por Evan Roberts, que transformou uma na\u00e7\u00e3o e ecoou pelo mundo. Com uma est\u00e9tica cl\u00e1ssica sobre um fundo terracota texturizado, a obra traz uma cita\u00e7\u00e3o poderosa sobre a [&hellip;]<\/p>\n","protected":false},"featured_media":6379,"comment_status":"open","ping_status":"closed","template":"","meta":{"_joinchat":[]},"product_brand":[],"product_cat":[70,71],"product_tag":[],"class_list":{"0":"post-6246","1":"product","2":"type-product","3":"status-publish","4":"has-post-thumbnail","6":"product_cat-frases","7":"product_cat-tema-cristao","9":"first","10":"instock","11":"sale","12":"taxable","13":"shipping-taxable","14":"purchasable","15":"product-type-variable","16":"has-default-attributes"},"yoast_head":"<!-- This site is optimized with the Yoast SEO plugin v27.3 - https:\/\/yoast.com\/product\/yoast-seo-wordpress\/ -->\n<title>Gales Avivamento - https:\/\/goornament.com.br<\/title>\n<meta name=\"robots\" content=\"index, follow, max-snippet:-1, max-image-preview:large, max-video-preview:-1\" \/>\n<link rel=\"canonical\" href=\"https:\/\/goornament.com.br\/?product=florata-abstrato-copia\" \/>\n<meta property=\"og:locale\" content=\"pt_BR\" \/>\n<meta property=\"og:type\" content=\"article\" \/>\n<meta property=\"og:title\" content=\"Gales Avivamento - https:\/\/goornament.com.br\" \/>\n<meta property=\"og:description\" content=\"Gales Avivamento Celebre um dos momentos mais marcantes da hist\u00f3ria crist\u00e3 com o quadro Chama de Gales. Esta pe\u00e7a \u00e9 um tributo ao Avivamento de 1904, liderado por Evan Roberts, que transformou uma na\u00e7\u00e3o e ecoou pelo mundo. Com uma est\u00e9tica cl\u00e1ssica sobre um fundo terracota texturizado, a obra traz uma cita\u00e7\u00e3o poderosa sobre a [&hellip;]\" \/>\n<meta property=\"og:url\" content=\"https:\/\/goornament.com.br\/?product=florata-abstrato-copia\" \/>\n<meta property=\"og:site_name\" content=\"https:\/\/goornament.com.br\" \/>\n<meta property=\"article:modified_time\" content=\"2026-02-10T05:32:43+00:00\" \/>\n<meta property=\"og:image\" content=\"https:\/\/goornament.com.br\/wp-content\/uploads\/2024\/12\/MOCKUP-01-ND-10.png\" \/>\n\t<meta property=\"og:image:width\" content=\"626\" \/>\n\t<meta property=\"og:image:height\" content=\"938\" \/>\n\t<meta property=\"og:image:type\" content=\"image\/png\" \/>\n<meta name=\"twitter:card\" content=\"summary_large_image\" \/>\n<script type=\"application\/ld+json\" class=\"yoast-schema-graph\">{\"@context\":\"https:\\\/\\\/schema.org\",\"@graph\":[{\"@type\":\"WebPage\",\"@id\":\"https:\\\/\\\/goornament.com.br\\\/?product=florata-abstrato-copia\",\"url\":\"https:\\\/\\\/goornament.com.br\\\/?product=florata-abstrato-copia\",\"name\":\"Gales Avivamento - https:\\\/\\\/goornament.com.br\",\"isPartOf\":{\"@id\":\"https:\\\/\\\/goornament.com.br\\\/#website\"},\"primaryImageOfPage\":{\"@id\":\"https:\\\/\\\/goornament.com.br\\\/?product=florata-abstrato-copia#primaryimage\"},\"image\":{\"@id\":\"https:\\\/\\\/goornament.com.br\\\/?product=florata-abstrato-copia#primaryimage\"},\"thumbnailUrl\":\"https:\\\/\\\/goornament.com.br\\\/wp-content\\\/uploads\\\/2024\\\/12\\\/MOCKUP-01-ND-10.png\",\"datePublished\":\"2024-12-03T04:07:42+00:00\",\"dateModified\":\"2026-02-10T05:32:43+00:00\",\"breadcrumb\":{\"@id\":\"https:\\\/\\\/goornament.com.br\\\/?product=florata-abstrato-copia#breadcrumb\"},\"inLanguage\":\"pt-BR\",\"potentialAction\":[{\"@type\":\"ReadAction\",\"target\":[\"https:\\\/\\\/goornament.com.br\\\/?product=florata-abstrato-copia\"]}]},{\"@type\":\"ImageObject\",\"inLanguage\":\"pt-BR\",\"@id\":\"https:\\\/\\\/goornament.com.br\\\/?product=florata-abstrato-copia#primaryimage\",\"url\":\"https:\\\/\\\/goornament.com.br\\\/wp-content\\\/uploads\\\/2024\\\/12\\\/MOCKUP-01-ND-10.png\",\"contentUrl\":\"https:\\\/\\\/goornament.com.br\\\/wp-content\\\/uploads\\\/2024\\\/12\\\/MOCKUP-01-ND-10.png\",\"width\":626,\"height\":938},{\"@type\":\"BreadcrumbList\",\"@id\":\"https:\\\/\\\/goornament.com.br\\\/?product=florata-abstrato-copia#breadcrumb\",\"itemListElement\":[{\"@type\":\"ListItem\",\"position\":1,\"name\":\"In\u00edcio\",\"item\":\"https:\\\/\\\/goornament.com.br\\\/\"},{\"@type\":\"ListItem\",\"position\":2,\"name\":\"Loja\",\"item\":\"https:\\\/\\\/mediumvioletred-anteater-114861.hostingersite.com\\\/?page_id=2378\"},{\"@type\":\"ListItem\",\"position\":3,\"name\":\"Gales Avivamento\"}]},{\"@type\":\"WebSite\",\"@id\":\"https:\\\/\\\/goornament.com.br\\\/#website\",\"url\":\"https:\\\/\\\/goornament.com.br\\\/\",\"name\":\"https:\\\/\\\/goornament.com.br\",\"description\":\"\",\"publisher\":{\"@id\":\"https:\\\/\\\/goornament.com.br\\\/#organization\"},\"potentialAction\":[{\"@type\":\"SearchAction\",\"target\":{\"@type\":\"EntryPoint\",\"urlTemplate\":\"https:\\\/\\\/goornament.com.br\\\/?s={search_term_string}\"},\"query-input\":{\"@type\":\"PropertyValueSpecification\",\"valueRequired\":true,\"valueName\":\"search_term_string\"}}],\"inLanguage\":\"pt-BR\"},{\"@type\":\"Organization\",\"@id\":\"https:\\\/\\\/goornament.com.br\\\/#organization\",\"name\":\"https:\\\/\\\/goornament.com.br\",\"url\":\"https:\\\/\\\/goornament.com.br\\\/\",\"logo\":{\"@type\":\"ImageObject\",\"inLanguage\":\"pt-BR\",\"@id\":\"https:\\\/\\\/goornament.com.br\\\/#\\\/schema\\\/logo\\\/image\\\/\",\"url\":\"https:\\\/\\\/goornament.com.br\\\/wp-content\\\/uploads\\\/2024\\\/10\\\/LOGO-EXPERIMENTO5.png\",\"contentUrl\":\"https:\\\/\\\/goornament.com.br\\\/wp-content\\\/uploads\\\/2024\\\/10\\\/LOGO-EXPERIMENTO5.png\",\"width\":4675,\"height\":4675,\"caption\":\"https:\\\/\\\/goornament.com.br\"},\"image\":{\"@id\":\"https:\\\/\\\/goornament.com.br\\\/#\\\/schema\\\/logo\\\/image\\\/\"}}]}<\/script>\n<!-- \/ Yoast SEO plugin. -->","yoast_head_json":{"title":"Gales Avivamento - https:\/\/goornament.com.br","robots":{"index":"index","follow":"follow","max-snippet":"max-snippet:-1","max-image-preview":"max-image-preview:large","max-video-preview":"max-video-preview:-1"},"canonical":"https:\/\/goornament.com.br\/?product=florata-abstrato-copia","og_locale":"pt_BR","og_type":"article","og_title":"Gales Avivamento - https:\/\/goornament.com.br","og_description":"Gales Avivamento Celebre um dos momentos mais marcantes da hist\u00f3ria crist\u00e3 com o quadro Chama de Gales. Esta pe\u00e7a \u00e9 um tributo ao Avivamento de 1904, liderado por Evan Roberts, que transformou uma na\u00e7\u00e3o e ecoou pelo mundo. Com uma est\u00e9tica cl\u00e1ssica sobre um fundo terracota texturizado, a obra traz uma cita\u00e7\u00e3o poderosa sobre a [&hellip;]","og_url":"https:\/\/goornament.com.br\/?product=florata-abstrato-copia","og_site_name":"https:\/\/goornament.com.br","article_modified_time":"2026-02-10T05:32:43+00:00","og_image":[{"width":626,"height":938,"url":"https:\/\/goornament.com.br\/wp-content\/uploads\/2024\/12\/MOCKUP-01-ND-10.png","type":"image\/png"}],"twitter_card":"summary_large_image","schema":{"@context":"https:\/\/schema.org","@graph":[{"@type":"WebPage","@id":"https:\/\/goornament.com.br\/?product=florata-abstrato-copia","url":"https:\/\/goornament.com.br\/?product=florata-abstrato-copia","name":"Gales Avivamento - https:\/\/goornament.com.br","isPartOf":{"@id":"https:\/\/goornament.com.br\/#website"},"primaryImageOfPage":{"@id":"https:\/\/goornament.com.br\/?product=florata-abstrato-copia#primaryimage"},"image":{"@id":"https:\/\/goornament.com.br\/?product=florata-abstrato-copia#primaryimage"},"thumbnailUrl":"https:\/\/goornament.com.br\/wp-content\/uploads\/2024\/12\/MOCKUP-01-ND-10.png","datePublished":"2024-12-03T04:07:42+00:00","dateModified":"2026-02-10T05:32:43+00:00","breadcrumb":{"@id":"https:\/\/goornament.com.br\/?product=florata-abstrato-copia#breadcrumb"},"inLanguage":"pt-BR","potentialAction":[{"@type":"ReadAction","target":["https:\/\/goornament.com.br\/?product=florata-abstrato-copia"]}]},{"@type":"ImageObject","inLanguage":"pt-BR","@id":"https:\/\/goornament.com.br\/?product=florata-abstrato-copia#primaryimage","url":"https:\/\/goornament.com.br\/wp-content\/uploads\/2024\/12\/MOCKUP-01-ND-10.png","contentUrl":"https:\/\/goornament.com.br\/wp-content\/uploads\/2024\/12\/MOCKUP-01-ND-10.png","width":626,"height":938},{"@type":"BreadcrumbList","@id":"https:\/\/goornament.com.br\/?product=florata-abstrato-copia#breadcrumb","itemListElement":[{"@type":"ListItem","position":1,"name":"In\u00edcio","item":"https:\/\/goornament.com.br\/"},{"@type":"ListItem","position":2,"name":"Loja","item":"https:\/\/mediumvioletred-anteater-114861.hostingersite.com\/?page_id=2378"},{"@type":"ListItem","position":3,"name":"Gales Avivamento"}]},{"@type":"WebSite","@id":"https:\/\/goornament.com.br\/#website","url":"https:\/\/goornament.com.br\/","name":"https:\/\/goornament.com.br","description":"","publisher":{"@id":"https:\/\/goornament.com.br\/#organization"},"potentialAction":[{"@type":"SearchAction","target":{"@type":"EntryPoint","urlTemplate":"https:\/\/goornament.com.br\/?s={search_term_string}"},"query-input":{"@type":"PropertyValueSpecification","valueRequired":true,"valueName":"search_term_string"}}],"inLanguage":"pt-BR"},{"@type":"Organization","@id":"https:\/\/goornament.com.br\/#organization","name":"https:\/\/goornament.com.br","url":"https:\/\/goornament.com.br\/","logo":{"@type":"ImageObject","inLanguage":"pt-BR","@id":"https:\/\/goornament.com.br\/#\/schema\/logo\/image\/","url":"https:\/\/goornament.com.br\/wp-content\/uploads\/2024\/10\/LOGO-EXPERIMENTO5.png","contentUrl":"https:\/\/goornament.com.br\/wp-content\/uploads\/2024\/10\/LOGO-EXPERIMENTO5.png","width":4675,"height":4675,"caption":"https:\/\/goornament.com.br"},"image":{"@id":"https:\/\/goornament.com.br\/#\/schema\/logo\/image\/"}}]}},"_links":{"self":[{"href":"https:\/\/goornament.com.br\/index.php?rest_route=\/wp\/v2\/product\/6246","targetHints":{"allow":["GET"]}}],"collection":[{"href":"https:\/\/goornament.com.br\/index.php?rest_route=\/wp\/v2\/product"}],"about":[{"href":"https:\/\/goornament.com.br\/index.php?rest_route=\/wp\/v2\/types\/product"}],"replies":[{"embeddable":true,"href":"https:\/\/goornament.com.br\/index.php?rest_route=%2Fwp%2Fv2%2Fcomments&post=6246"}],"version-history":[{"count":6,"href":"https:\/\/goornament.com.br\/index.php?rest_route=\/wp\/v2\/product\/6246\/revisions"}],"predecessor-version":[{"id":33166,"href":"https:\/\/goornament.com.br\/index.php?rest_route=\/wp\/v2\/product\/6246\/revisions\/33166"}],"wp:featuredmedia":[{"embeddable":true,"href":"https:\/\/goornament.com.br\/index.php?rest_route=\/wp\/v2\/media\/6379"}],"wp:attachment":[{"href":"https:\/\/goornament.com.br\/index.php?rest_route=%2Fwp%2Fv2%2Fmedia&parent=6246"}],"wp:term":[{"taxonomy":"product_brand","embeddable":true,"href":"https:\/\/goornament.com.br\/index.php?rest_route=%2Fwp%2Fv2%2Fproduct_brand&post=6246"},{"taxonomy":"product_cat","embeddable":true,"href":"https:\/\/goornament.com.br\/index.php?rest_route=%2Fwp%2Fv2%2Fproduct_cat&post=6246"},{"taxonomy":"product_tag","embeddable":true,"href":"https:\/\/goornament.com.br\/index.php?rest_route=%2Fwp%2Fv2%2Fproduct_tag&post=6246"}],"curies":[{"name":"wp","href":"https:\/\/api.w.org\/{rel}","templated":true}]}}