{"id":8275,"date":"2025-01-22T05:17:16","date_gmt":"2025-01-22T05:17:16","guid":{"rendered":"https:\/\/wheat-dog-104532.hostingersite.com\/?post_type=product&#038;p=8275"},"modified":"2026-02-08T19:48:25","modified_gmt":"2026-02-08T19:48:25","slug":"ele-nos-amou-primeiro","status":"publish","type":"product","link":"https:\/\/goornament.com.br\/?product=ele-nos-amou-primeiro","title":{"rendered":"Ele nos amou primeiro"},"content":{"rendered":"\t\t<div data-elementor-type=\"product-post\" data-elementor-id=\"8275\" class=\"elementor elementor-8275\" data-elementor-post-type=\"product\">\n\t\t\t\t<div class=\"elementor-element elementor-element-396416fa e-con-full e-flex e-con e-parent\" data-id=\"396416fa\" data-element_type=\"container\" data-e-type=\"container\">\n\t\t\t\t<div class=\"elementor-element elementor-element-5e6c6f05 elementor-widget elementor-widget-text-editor\" data-id=\"5e6c6f05\" data-element_type=\"widget\" data-e-type=\"widget\" data-widget_type=\"text-editor.default\">\n\t\t\t\t<div class=\"elementor-widget-container\">\n\t\t\t\t\t\t\t\t\t<h2 style=\"text-align: center;\"><em><strong>Ele nos amou primeiro<\/strong><\/em><\/h2>\n<p style=\"text-align: center;\">Reconhe\u00e7a a fonte de todo o amor em seu lar com o quadro Amor Primeiro.<\/p>\n<p style=\"text-align: center;\">Esta pe\u00e7a minimalista destaca a profunda declara\u00e7\u00e3o de 1 Jo\u00e3o 4:19: <i data-path-to-node=\"3\" data-index-in-node=\"140\">&#8220;N\u00f3s o amamos porque Ele nos amou primeiro&#8221;<\/i>.<\/p>\n<p style=\"text-align: center;\">Com um fundo em tom verde s\u00e1lvia suave e uma ilustra\u00e7\u00e3o bot\u00e2nica linear e fluida, esta obra traz um equil\u00edbrio perfeito<\/p>\n<p style=\"text-align: center;\">entre modernidade e rever\u00eancia, sendo um lembrete constante da gra\u00e7a que sustenta a fam\u00edlia.<\/p>\n<p style=\"text-align: center;\">Ideal para compor galerias de quadros em salas de estar, halls de entrada ou quartos,<\/p>\n<p style=\"text-align: center;\">criando um ambiente de acolhimento e espiritualidade.<\/p><p style=\"text-align: center;\"><br><\/p>\n<hr>\n<p style=\"text-align: center;\"><em><strong><br><\/strong><\/em><\/p><p style=\"text-align: center;\"><em><strong>Destaques da Obra<\/strong><\/em><\/p>\n<p style=\"text-align: center;\" data-path-to-node=\"6,0,0\"><b data-path-to-node=\"6,0,0\" data-index-in-node=\"0\">Design Bot\u00e2nico Minimalista:<\/b> O ramo ilustrado em tra\u00e7os brancos e cont\u00ednuos simboliza o crescimento e a vida, adicionando uma eleg\u00e2ncia org\u00e2nica \u00e0 pe\u00e7a.<\/p>\n<p style=\"text-align: center;\" data-path-to-node=\"6,1,0\"><b data-path-to-node=\"6,1,0\" data-index-in-node=\"0\">Paleta de Cores Tend\u00eancia:<\/b> O verde s\u00e1lvia (Sage Green) \u00e9 uma cor extremamente atual na decora\u00e7\u00e3o, conhecida por transmitir calma, equil\u00edbrio e frescor ao ambiente.<\/p>\n<p style=\"text-align: center;\" data-path-to-node=\"6,2,0\"><b data-path-to-node=\"6,2,0\" data-index-in-node=\"0\">Tipografia Moderna:<\/b> A combina\u00e7\u00e3o de fontes em diferentes pesos cria um visual din\u00e2mico e contempor\u00e2neo, facilitando a leitura e o destaque da mensagem central.<\/p>\n<p style=\"text-align: center;\" data-path-to-node=\"6,3,0\"><b data-path-to-node=\"6,3,0\" data-index-in-node=\"0\">Versatilidade Decorativa:<\/b> Por possuir cores neutras e suaves, o quadro harmoniza facilmente com diversos estilos de interiores, do escandinavo ao r\u00fastico moderno.<\/p>\t\t\t\t\t\t\t\t<\/div>\n\t\t\t\t<\/div>\n\t\t\t\t<\/div>\n\t\t\t\t<\/div>\n\t\t","protected":false},"excerpt":{"rendered":"<p>Ele nos amou primeiro Reconhe\u00e7a a fonte de todo o amor em seu lar com o quadro Amor Primeiro. Esta pe\u00e7a minimalista destaca a profunda declara\u00e7\u00e3o de 1 Jo\u00e3o 4:19: &#8220;N\u00f3s o amamos porque Ele nos amou primeiro&#8221;. Com um fundo em tom verde s\u00e1lvia suave e uma ilustra\u00e7\u00e3o bot\u00e2nica linear e fluida, esta obra [&hellip;]<\/p>\n","protected":false},"featured_media":8405,"comment_status":"open","ping_status":"closed","template":"","meta":{"_joinchat":[]},"product_brand":[],"product_cat":[70,71],"product_tag":[],"class_list":{"0":"post-8275","1":"product","2":"type-product","3":"status-publish","4":"has-post-thumbnail","6":"product_cat-frases","7":"product_cat-tema-cristao","9":"first","10":"instock","11":"sale","12":"taxable","13":"shipping-taxable","14":"purchasable","15":"product-type-variable","16":"has-default-attributes"},"yoast_head":"<!-- This site is optimized with the Yoast SEO plugin v27.3 - https:\/\/yoast.com\/product\/yoast-seo-wordpress\/ -->\n<title>Ele nos amou primeiro - https:\/\/goornament.com.br<\/title>\n<meta name=\"robots\" content=\"index, follow, max-snippet:-1, max-image-preview:large, max-video-preview:-1\" \/>\n<link rel=\"canonical\" href=\"https:\/\/mediumvioletred-anteater-114861.hostingersite.com\/?product=ele-nos-amou-primeiro\" \/>\n<meta property=\"og:locale\" content=\"pt_BR\" \/>\n<meta property=\"og:type\" content=\"article\" \/>\n<meta property=\"og:title\" content=\"Ele nos amou primeiro - https:\/\/goornament.com.br\" \/>\n<meta property=\"og:description\" content=\"Ele nos amou primeiro Reconhe\u00e7a a fonte de todo o amor em seu lar com o quadro Amor Primeiro. Esta pe\u00e7a minimalista destaca a profunda declara\u00e7\u00e3o de 1 Jo\u00e3o 4:19: &#8220;N\u00f3s o amamos porque Ele nos amou primeiro&#8221;. Com um fundo em tom verde s\u00e1lvia suave e uma ilustra\u00e7\u00e3o bot\u00e2nica linear e fluida, esta obra [&hellip;]\" \/>\n<meta property=\"og:url\" content=\"https:\/\/mediumvioletred-anteater-114861.hostingersite.com\/?product=ele-nos-amou-primeiro\" \/>\n<meta property=\"og:site_name\" content=\"https:\/\/goornament.com.br\" \/>\n<meta property=\"article:modified_time\" content=\"2026-02-08T19:48:25+00:00\" \/>\n<meta property=\"og:image\" content=\"https:\/\/mediumvioletred-anteater-114861.hostingersite.com\/wp-content\/uploads\/2025\/01\/02-5x7-A4-PORTRAIT-frame-03-7.png\" \/>\n\t<meta property=\"og:image:width\" content=\"1000\" \/>\n\t<meta property=\"og:image:height\" content=\"1500\" \/>\n\t<meta property=\"og:image:type\" content=\"image\/png\" \/>\n<meta name=\"twitter:card\" content=\"summary_large_image\" \/>\n<script type=\"application\/ld+json\" class=\"yoast-schema-graph\">{\"@context\":\"https:\\\/\\\/schema.org\",\"@graph\":[{\"@type\":\"WebPage\",\"@id\":\"https:\\\/\\\/mediumvioletred-anteater-114861.hostingersite.com\\\/?product=ele-nos-amou-primeiro\",\"url\":\"https:\\\/\\\/mediumvioletred-anteater-114861.hostingersite.com\\\/?product=ele-nos-amou-primeiro\",\"name\":\"Ele nos amou primeiro - https:\\\/\\\/goornament.com.br\",\"isPartOf\":{\"@id\":\"https:\\\/\\\/goornament.com.br\\\/#website\"},\"primaryImageOfPage\":{\"@id\":\"https:\\\/\\\/mediumvioletred-anteater-114861.hostingersite.com\\\/?product=ele-nos-amou-primeiro#primaryimage\"},\"image\":{\"@id\":\"https:\\\/\\\/mediumvioletred-anteater-114861.hostingersite.com\\\/?product=ele-nos-amou-primeiro#primaryimage\"},\"thumbnailUrl\":\"https:\\\/\\\/goornament.com.br\\\/wp-content\\\/uploads\\\/2025\\\/01\\\/02-5x7-A4-PORTRAIT-frame-03-7.png\",\"datePublished\":\"2025-01-22T05:17:16+00:00\",\"dateModified\":\"2026-02-08T19:48:25+00:00\",\"breadcrumb\":{\"@id\":\"https:\\\/\\\/mediumvioletred-anteater-114861.hostingersite.com\\\/?product=ele-nos-amou-primeiro#breadcrumb\"},\"inLanguage\":\"pt-BR\",\"potentialAction\":[{\"@type\":\"ReadAction\",\"target\":[\"https:\\\/\\\/mediumvioletred-anteater-114861.hostingersite.com\\\/?product=ele-nos-amou-primeiro\"]}]},{\"@type\":\"ImageObject\",\"inLanguage\":\"pt-BR\",\"@id\":\"https:\\\/\\\/mediumvioletred-anteater-114861.hostingersite.com\\\/?product=ele-nos-amou-primeiro#primaryimage\",\"url\":\"https:\\\/\\\/goornament.com.br\\\/wp-content\\\/uploads\\\/2025\\\/01\\\/02-5x7-A4-PORTRAIT-frame-03-7.png\",\"contentUrl\":\"https:\\\/\\\/goornament.com.br\\\/wp-content\\\/uploads\\\/2025\\\/01\\\/02-5x7-A4-PORTRAIT-frame-03-7.png\",\"width\":1000,\"height\":1500},{\"@type\":\"BreadcrumbList\",\"@id\":\"https:\\\/\\\/mediumvioletred-anteater-114861.hostingersite.com\\\/?product=ele-nos-amou-primeiro#breadcrumb\",\"itemListElement\":[{\"@type\":\"ListItem\",\"position\":1,\"name\":\"In\u00edcio\",\"item\":\"https:\\\/\\\/goornament.com.br\\\/\"},{\"@type\":\"ListItem\",\"position\":2,\"name\":\"Loja\",\"item\":\"https:\\\/\\\/mediumvioletred-anteater-114861.hostingersite.com\\\/?page_id=2378\"},{\"@type\":\"ListItem\",\"position\":3,\"name\":\"Ele nos amou primeiro\"}]},{\"@type\":\"WebSite\",\"@id\":\"https:\\\/\\\/goornament.com.br\\\/#website\",\"url\":\"https:\\\/\\\/goornament.com.br\\\/\",\"name\":\"https:\\\/\\\/goornament.com.br\",\"description\":\"\",\"publisher\":{\"@id\":\"https:\\\/\\\/goornament.com.br\\\/#organization\"},\"potentialAction\":[{\"@type\":\"SearchAction\",\"target\":{\"@type\":\"EntryPoint\",\"urlTemplate\":\"https:\\\/\\\/goornament.com.br\\\/?s={search_term_string}\"},\"query-input\":{\"@type\":\"PropertyValueSpecification\",\"valueRequired\":true,\"valueName\":\"search_term_string\"}}],\"inLanguage\":\"pt-BR\"},{\"@type\":\"Organization\",\"@id\":\"https:\\\/\\\/goornament.com.br\\\/#organization\",\"name\":\"https:\\\/\\\/goornament.com.br\",\"url\":\"https:\\\/\\\/goornament.com.br\\\/\",\"logo\":{\"@type\":\"ImageObject\",\"inLanguage\":\"pt-BR\",\"@id\":\"https:\\\/\\\/goornament.com.br\\\/#\\\/schema\\\/logo\\\/image\\\/\",\"url\":\"https:\\\/\\\/goornament.com.br\\\/wp-content\\\/uploads\\\/2024\\\/10\\\/LOGO-EXPERIMENTO5.png\",\"contentUrl\":\"https:\\\/\\\/goornament.com.br\\\/wp-content\\\/uploads\\\/2024\\\/10\\\/LOGO-EXPERIMENTO5.png\",\"width\":4675,\"height\":4675,\"caption\":\"https:\\\/\\\/goornament.com.br\"},\"image\":{\"@id\":\"https:\\\/\\\/goornament.com.br\\\/#\\\/schema\\\/logo\\\/image\\\/\"}}]}<\/script>\n<!-- \/ Yoast SEO plugin. -->","yoast_head_json":{"title":"Ele nos amou primeiro - https:\/\/goornament.com.br","robots":{"index":"index","follow":"follow","max-snippet":"max-snippet:-1","max-image-preview":"max-image-preview:large","max-video-preview":"max-video-preview:-1"},"canonical":"https:\/\/mediumvioletred-anteater-114861.hostingersite.com\/?product=ele-nos-amou-primeiro","og_locale":"pt_BR","og_type":"article","og_title":"Ele nos amou primeiro - https:\/\/goornament.com.br","og_description":"Ele nos amou primeiro Reconhe\u00e7a a fonte de todo o amor em seu lar com o quadro Amor Primeiro. Esta pe\u00e7a minimalista destaca a profunda declara\u00e7\u00e3o de 1 Jo\u00e3o 4:19: &#8220;N\u00f3s o amamos porque Ele nos amou primeiro&#8221;. Com um fundo em tom verde s\u00e1lvia suave e uma ilustra\u00e7\u00e3o bot\u00e2nica linear e fluida, esta obra [&hellip;]","og_url":"https:\/\/mediumvioletred-anteater-114861.hostingersite.com\/?product=ele-nos-amou-primeiro","og_site_name":"https:\/\/goornament.com.br","article_modified_time":"2026-02-08T19:48:25+00:00","og_image":[{"width":1000,"height":1500,"url":"https:\/\/mediumvioletred-anteater-114861.hostingersite.com\/wp-content\/uploads\/2025\/01\/02-5x7-A4-PORTRAIT-frame-03-7.png","type":"image\/png"}],"twitter_card":"summary_large_image","schema":{"@context":"https:\/\/schema.org","@graph":[{"@type":"WebPage","@id":"https:\/\/mediumvioletred-anteater-114861.hostingersite.com\/?product=ele-nos-amou-primeiro","url":"https:\/\/mediumvioletred-anteater-114861.hostingersite.com\/?product=ele-nos-amou-primeiro","name":"Ele nos amou primeiro - https:\/\/goornament.com.br","isPartOf":{"@id":"https:\/\/goornament.com.br\/#website"},"primaryImageOfPage":{"@id":"https:\/\/mediumvioletred-anteater-114861.hostingersite.com\/?product=ele-nos-amou-primeiro#primaryimage"},"image":{"@id":"https:\/\/mediumvioletred-anteater-114861.hostingersite.com\/?product=ele-nos-amou-primeiro#primaryimage"},"thumbnailUrl":"https:\/\/goornament.com.br\/wp-content\/uploads\/2025\/01\/02-5x7-A4-PORTRAIT-frame-03-7.png","datePublished":"2025-01-22T05:17:16+00:00","dateModified":"2026-02-08T19:48:25+00:00","breadcrumb":{"@id":"https:\/\/mediumvioletred-anteater-114861.hostingersite.com\/?product=ele-nos-amou-primeiro#breadcrumb"},"inLanguage":"pt-BR","potentialAction":[{"@type":"ReadAction","target":["https:\/\/mediumvioletred-anteater-114861.hostingersite.com\/?product=ele-nos-amou-primeiro"]}]},{"@type":"ImageObject","inLanguage":"pt-BR","@id":"https:\/\/mediumvioletred-anteater-114861.hostingersite.com\/?product=ele-nos-amou-primeiro#primaryimage","url":"https:\/\/goornament.com.br\/wp-content\/uploads\/2025\/01\/02-5x7-A4-PORTRAIT-frame-03-7.png","contentUrl":"https:\/\/goornament.com.br\/wp-content\/uploads\/2025\/01\/02-5x7-A4-PORTRAIT-frame-03-7.png","width":1000,"height":1500},{"@type":"BreadcrumbList","@id":"https:\/\/mediumvioletred-anteater-114861.hostingersite.com\/?product=ele-nos-amou-primeiro#breadcrumb","itemListElement":[{"@type":"ListItem","position":1,"name":"In\u00edcio","item":"https:\/\/goornament.com.br\/"},{"@type":"ListItem","position":2,"name":"Loja","item":"https:\/\/mediumvioletred-anteater-114861.hostingersite.com\/?page_id=2378"},{"@type":"ListItem","position":3,"name":"Ele nos amou primeiro"}]},{"@type":"WebSite","@id":"https:\/\/goornament.com.br\/#website","url":"https:\/\/goornament.com.br\/","name":"https:\/\/goornament.com.br","description":"","publisher":{"@id":"https:\/\/goornament.com.br\/#organization"},"potentialAction":[{"@type":"SearchAction","target":{"@type":"EntryPoint","urlTemplate":"https:\/\/goornament.com.br\/?s={search_term_string}"},"query-input":{"@type":"PropertyValueSpecification","valueRequired":true,"valueName":"search_term_string"}}],"inLanguage":"pt-BR"},{"@type":"Organization","@id":"https:\/\/goornament.com.br\/#organization","name":"https:\/\/goornament.com.br","url":"https:\/\/goornament.com.br\/","logo":{"@type":"ImageObject","inLanguage":"pt-BR","@id":"https:\/\/goornament.com.br\/#\/schema\/logo\/image\/","url":"https:\/\/goornament.com.br\/wp-content\/uploads\/2024\/10\/LOGO-EXPERIMENTO5.png","contentUrl":"https:\/\/goornament.com.br\/wp-content\/uploads\/2024\/10\/LOGO-EXPERIMENTO5.png","width":4675,"height":4675,"caption":"https:\/\/goornament.com.br"},"image":{"@id":"https:\/\/goornament.com.br\/#\/schema\/logo\/image\/"}}]}},"_links":{"self":[{"href":"https:\/\/goornament.com.br\/index.php?rest_route=\/wp\/v2\/product\/8275","targetHints":{"allow":["GET"]}}],"collection":[{"href":"https:\/\/goornament.com.br\/index.php?rest_route=\/wp\/v2\/product"}],"about":[{"href":"https:\/\/goornament.com.br\/index.php?rest_route=\/wp\/v2\/types\/product"}],"replies":[{"embeddable":true,"href":"https:\/\/goornament.com.br\/index.php?rest_route=%2Fwp%2Fv2%2Fcomments&post=8275"}],"version-history":[{"count":5,"href":"https:\/\/goornament.com.br\/index.php?rest_route=\/wp\/v2\/product\/8275\/revisions"}],"predecessor-version":[{"id":33112,"href":"https:\/\/goornament.com.br\/index.php?rest_route=\/wp\/v2\/product\/8275\/revisions\/33112"}],"wp:featuredmedia":[{"embeddable":true,"href":"https:\/\/goornament.com.br\/index.php?rest_route=\/wp\/v2\/media\/8405"}],"wp:attachment":[{"href":"https:\/\/goornament.com.br\/index.php?rest_route=%2Fwp%2Fv2%2Fmedia&parent=8275"}],"wp:term":[{"taxonomy":"product_brand","embeddable":true,"href":"https:\/\/goornament.com.br\/index.php?rest_route=%2Fwp%2Fv2%2Fproduct_brand&post=8275"},{"taxonomy":"product_cat","embeddable":true,"href":"https:\/\/goornament.com.br\/index.php?rest_route=%2Fwp%2Fv2%2Fproduct_cat&post=8275"},{"taxonomy":"product_tag","embeddable":true,"href":"https:\/\/goornament.com.br\/index.php?rest_route=%2Fwp%2Fv2%2Fproduct_tag&post=8275"}],"curies":[{"name":"wp","href":"https:\/\/api.w.org\/{rel}","templated":true}]}}