{"id":9191,"date":"2025-01-28T03:46:12","date_gmt":"2025-01-28T03:46:12","guid":{"rendered":"https:\/\/wheat-dog-104532.hostingersite.com\/?post_type=product&#038;p=9191"},"modified":"2026-02-08T19:37:40","modified_gmt":"2026-02-08T19:37:40","slug":"personalize-sobrenome","status":"publish","type":"product","link":"https:\/\/goornament.com.br\/?product=personalize-sobrenome","title":{"rendered":"Personalize &#8211; Sobrenome"},"content":{"rendered":"\t\t<div data-elementor-type=\"product-post\" data-elementor-id=\"9191\" class=\"elementor elementor-9191\" data-elementor-post-type=\"product\">\n\t\t\t\t<div class=\"elementor-element elementor-element-132b0eaa e-con-full e-flex e-con e-parent\" data-id=\"132b0eaa\" data-element_type=\"container\" data-e-type=\"container\">\n\t\t\t\t<div class=\"elementor-element elementor-element-332c69a elementor-widget elementor-widget-text-editor\" data-id=\"332c69a\" data-element_type=\"widget\" data-e-type=\"widget\" data-widget_type=\"text-editor.default\">\n\t\t\t\t<div class=\"elementor-widget-container\">\n\t\t\t\t\t\t\t\t\t<h2 style=\"text-align: center;\"><em><strong>Personalize &#8211; Sobrenome<\/strong><\/em><\/h2>\n<p style=\"text-align: center;\">Afirme o legado da sua casa com o quadro Identidade &amp; F\u00e9. Esta pe\u00e7a exclusiva combina o minimalismo<\/p>\n<p style=\"text-align: center;\">moderno com uma mensagem espiritual poderosa, apresentando a inicial do sobrenome da sua fam\u00edlia<\/p>\n<p style=\"text-align: center;\">em destaque sobre um fundo suave em tom <i data-path-to-node=\"3\" data-index-in-node=\"237\">nude<\/i>. Com uma tipografia manuscrita elegante e um vers\u00edculo b\u00edblico de prosperidade<\/p>\n<p style=\"text-align: center;\">(Jeremias 29:11), esta obra transforma o sobrenome da sua fam\u00edlia em um s\u00edmbolo de prote\u00e7\u00e3o e futuro.<\/p>\n<p style=\"text-align: center;\">\u00c9 a escolha definitiva para quem busca uma decora\u00e7\u00e3o personalizada que<\/p>\n<p style=\"text-align: center;\">transmita sofistica\u00e7\u00e3o e valores s\u00f3lidos em halls de entrada ou salas de estar.<\/p><p style=\"text-align: center;\"><br><\/p>\n<hr>\n<p style=\"text-align: center;\"><em><strong><br><\/strong><\/em><\/p><p style=\"text-align: center;\"><em><strong>Destaques da Obra<\/strong><\/em><\/p>\n<p style=\"text-align: center;\" data-path-to-node=\"6,0,0\"><b data-path-to-node=\"6,0,0\" data-index-in-node=\"0\">Personaliza\u00e7\u00e3o de Sobrenome:<\/b> A grande inicial em branco cria um contraste sofisticado com o fundo, celebrando a identidade \u00fanica da sua fam\u00edlia.<\/p>\n<p style=\"text-align: center;\" data-path-to-node=\"6,1,0\"><b data-path-to-node=\"6,1,0\" data-index-in-node=\"0\">Mensagem de Esperan\u00e7a:<\/b> A inclus\u00e3o do vers\u00edculo &#8220;&#8230;Tenho planos de faz\u00ea-los prosperar&#8230; esperan\u00e7a e um futuro&#8221; traz uma aura de b\u00ean\u00e7\u00e3o e otimismo para o lar.<\/p>\n<p style=\"text-align: center;\" data-path-to-node=\"6,2,0\"><b data-path-to-node=\"6,2,0\" data-index-in-node=\"0\">Est\u00e9tica Minimalista &#8220;Quiet Luxury&#8221;:<\/b> A paleta de cores neutras e o design limpo garantem que a pe\u00e7a se integre perfeitamente a decora\u00e7\u00f5es luxuosas e contempor\u00e2neas.<\/p>\n<p style=\"text-align: center;\" data-path-to-node=\"6,3,0\"><b data-path-to-node=\"6,3,0\" data-index-in-node=\"0\">Equil\u00edbrio Tipogr\u00e1fico:<\/b> A combina\u00e7\u00e3o entre fontes serifadas e caligrafia fluida confere um aspecto de arte de galeria personalizada.<\/p>\t\t\t\t\t\t\t\t<\/div>\n\t\t\t\t<\/div>\n\t\t\t\t<\/div>\n\t\t\t\t<\/div>\n\t\t","protected":false},"excerpt":{"rendered":"<p>Personalize &#8211; Sobrenome Afirme o legado da sua casa com o quadro Identidade &amp; F\u00e9. Esta pe\u00e7a exclusiva combina o minimalismo moderno com uma mensagem espiritual poderosa, apresentando a inicial do sobrenome da sua fam\u00edlia em destaque sobre um fundo suave em tom nude. Com uma tipografia manuscrita elegante e um vers\u00edculo b\u00edblico de prosperidade [&hellip;]<\/p>\n","protected":false},"featured_media":9317,"comment_status":"open","ping_status":"closed","template":"","meta":{"_joinchat":[]},"product_brand":[],"product_cat":[93,71],"product_tag":[],"class_list":{"0":"post-9191","1":"product","2":"type-product","3":"status-publish","4":"has-post-thumbnail","6":"product_cat-personalizados","7":"product_cat-tema-cristao","9":"first","10":"instock","11":"sale","12":"taxable","13":"shipping-taxable","14":"purchasable","15":"product-type-variable","16":"has-default-attributes"},"yoast_head":"<!-- This site is optimized with the Yoast SEO plugin v27.3 - https:\/\/yoast.com\/product\/yoast-seo-wordpress\/ -->\n<title>Personalize - Sobrenome - https:\/\/goornament.com.br<\/title>\n<meta name=\"robots\" content=\"index, follow, max-snippet:-1, max-image-preview:large, max-video-preview:-1\" \/>\n<link rel=\"canonical\" href=\"https:\/\/mediumvioletred-anteater-114861.hostingersite.com\/?product=personalize-sobrenome\" \/>\n<meta property=\"og:locale\" content=\"pt_BR\" \/>\n<meta property=\"og:type\" content=\"article\" \/>\n<meta property=\"og:title\" content=\"Personalize - Sobrenome - https:\/\/goornament.com.br\" \/>\n<meta property=\"og:description\" content=\"Personalize &#8211; Sobrenome Afirme o legado da sua casa com o quadro Identidade &amp; F\u00e9. Esta pe\u00e7a exclusiva combina o minimalismo moderno com uma mensagem espiritual poderosa, apresentando a inicial do sobrenome da sua fam\u00edlia em destaque sobre um fundo suave em tom nude. Com uma tipografia manuscrita elegante e um vers\u00edculo b\u00edblico de prosperidade [&hellip;]\" \/>\n<meta property=\"og:url\" content=\"https:\/\/mediumvioletred-anteater-114861.hostingersite.com\/?product=personalize-sobrenome\" \/>\n<meta property=\"og:site_name\" content=\"https:\/\/goornament.com.br\" \/>\n<meta property=\"article:modified_time\" content=\"2026-02-08T19:37:40+00:00\" \/>\n<meta property=\"og:image\" content=\"https:\/\/mediumvioletred-anteater-114861.hostingersite.com\/wp-content\/uploads\/2025\/01\/02-5x7-A4-PORTRAIT-frame-03-13-1024x1024.png\" \/>\n\t<meta property=\"og:image:width\" content=\"1024\" \/>\n\t<meta property=\"og:image:height\" content=\"1024\" \/>\n\t<meta property=\"og:image:type\" content=\"image\/png\" \/>\n<meta name=\"twitter:card\" content=\"summary_large_image\" \/>\n<script type=\"application\/ld+json\" class=\"yoast-schema-graph\">{\"@context\":\"https:\\\/\\\/schema.org\",\"@graph\":[{\"@type\":\"WebPage\",\"@id\":\"https:\\\/\\\/mediumvioletred-anteater-114861.hostingersite.com\\\/?product=personalize-sobrenome\",\"url\":\"https:\\\/\\\/mediumvioletred-anteater-114861.hostingersite.com\\\/?product=personalize-sobrenome\",\"name\":\"Personalize - Sobrenome - https:\\\/\\\/goornament.com.br\",\"isPartOf\":{\"@id\":\"https:\\\/\\\/goornament.com.br\\\/#website\"},\"primaryImageOfPage\":{\"@id\":\"https:\\\/\\\/mediumvioletred-anteater-114861.hostingersite.com\\\/?product=personalize-sobrenome#primaryimage\"},\"image\":{\"@id\":\"https:\\\/\\\/mediumvioletred-anteater-114861.hostingersite.com\\\/?product=personalize-sobrenome#primaryimage\"},\"thumbnailUrl\":\"https:\\\/\\\/goornament.com.br\\\/wp-content\\\/uploads\\\/2025\\\/01\\\/02-5x7-A4-PORTRAIT-frame-03-13.png\",\"datePublished\":\"2025-01-28T03:46:12+00:00\",\"dateModified\":\"2026-02-08T19:37:40+00:00\",\"breadcrumb\":{\"@id\":\"https:\\\/\\\/mediumvioletred-anteater-114861.hostingersite.com\\\/?product=personalize-sobrenome#breadcrumb\"},\"inLanguage\":\"pt-BR\",\"potentialAction\":[{\"@type\":\"ReadAction\",\"target\":[\"https:\\\/\\\/mediumvioletred-anteater-114861.hostingersite.com\\\/?product=personalize-sobrenome\"]}]},{\"@type\":\"ImageObject\",\"inLanguage\":\"pt-BR\",\"@id\":\"https:\\\/\\\/mediumvioletred-anteater-114861.hostingersite.com\\\/?product=personalize-sobrenome#primaryimage\",\"url\":\"https:\\\/\\\/goornament.com.br\\\/wp-content\\\/uploads\\\/2025\\\/01\\\/02-5x7-A4-PORTRAIT-frame-03-13.png\",\"contentUrl\":\"https:\\\/\\\/goornament.com.br\\\/wp-content\\\/uploads\\\/2025\\\/01\\\/02-5x7-A4-PORTRAIT-frame-03-13.png\",\"width\":2000,\"height\":3000},{\"@type\":\"BreadcrumbList\",\"@id\":\"https:\\\/\\\/mediumvioletred-anteater-114861.hostingersite.com\\\/?product=personalize-sobrenome#breadcrumb\",\"itemListElement\":[{\"@type\":\"ListItem\",\"position\":1,\"name\":\"In\u00edcio\",\"item\":\"https:\\\/\\\/goornament.com.br\\\/\"},{\"@type\":\"ListItem\",\"position\":2,\"name\":\"Loja\",\"item\":\"https:\\\/\\\/mediumvioletred-anteater-114861.hostingersite.com\\\/?page_id=2378\"},{\"@type\":\"ListItem\",\"position\":3,\"name\":\"Personalize &#8211; Sobrenome\"}]},{\"@type\":\"WebSite\",\"@id\":\"https:\\\/\\\/goornament.com.br\\\/#website\",\"url\":\"https:\\\/\\\/goornament.com.br\\\/\",\"name\":\"https:\\\/\\\/goornament.com.br\",\"description\":\"\",\"publisher\":{\"@id\":\"https:\\\/\\\/goornament.com.br\\\/#organization\"},\"potentialAction\":[{\"@type\":\"SearchAction\",\"target\":{\"@type\":\"EntryPoint\",\"urlTemplate\":\"https:\\\/\\\/goornament.com.br\\\/?s={search_term_string}\"},\"query-input\":{\"@type\":\"PropertyValueSpecification\",\"valueRequired\":true,\"valueName\":\"search_term_string\"}}],\"inLanguage\":\"pt-BR\"},{\"@type\":\"Organization\",\"@id\":\"https:\\\/\\\/goornament.com.br\\\/#organization\",\"name\":\"https:\\\/\\\/goornament.com.br\",\"url\":\"https:\\\/\\\/goornament.com.br\\\/\",\"logo\":{\"@type\":\"ImageObject\",\"inLanguage\":\"pt-BR\",\"@id\":\"https:\\\/\\\/goornament.com.br\\\/#\\\/schema\\\/logo\\\/image\\\/\",\"url\":\"https:\\\/\\\/goornament.com.br\\\/wp-content\\\/uploads\\\/2024\\\/10\\\/LOGO-EXPERIMENTO5.png\",\"contentUrl\":\"https:\\\/\\\/goornament.com.br\\\/wp-content\\\/uploads\\\/2024\\\/10\\\/LOGO-EXPERIMENTO5.png\",\"width\":4675,\"height\":4675,\"caption\":\"https:\\\/\\\/goornament.com.br\"},\"image\":{\"@id\":\"https:\\\/\\\/goornament.com.br\\\/#\\\/schema\\\/logo\\\/image\\\/\"}}]}<\/script>\n<!-- \/ Yoast SEO plugin. -->","yoast_head_json":{"title":"Personalize - Sobrenome - https:\/\/goornament.com.br","robots":{"index":"index","follow":"follow","max-snippet":"max-snippet:-1","max-image-preview":"max-image-preview:large","max-video-preview":"max-video-preview:-1"},"canonical":"https:\/\/mediumvioletred-anteater-114861.hostingersite.com\/?product=personalize-sobrenome","og_locale":"pt_BR","og_type":"article","og_title":"Personalize - Sobrenome - https:\/\/goornament.com.br","og_description":"Personalize &#8211; Sobrenome Afirme o legado da sua casa com o quadro Identidade &amp; F\u00e9. Esta pe\u00e7a exclusiva combina o minimalismo moderno com uma mensagem espiritual poderosa, apresentando a inicial do sobrenome da sua fam\u00edlia em destaque sobre um fundo suave em tom nude. Com uma tipografia manuscrita elegante e um vers\u00edculo b\u00edblico de prosperidade [&hellip;]","og_url":"https:\/\/mediumvioletred-anteater-114861.hostingersite.com\/?product=personalize-sobrenome","og_site_name":"https:\/\/goornament.com.br","article_modified_time":"2026-02-08T19:37:40+00:00","og_image":[{"width":1024,"height":1024,"url":"https:\/\/mediumvioletred-anteater-114861.hostingersite.com\/wp-content\/uploads\/2025\/01\/02-5x7-A4-PORTRAIT-frame-03-13-1024x1024.png","type":"image\/png"}],"twitter_card":"summary_large_image","schema":{"@context":"https:\/\/schema.org","@graph":[{"@type":"WebPage","@id":"https:\/\/mediumvioletred-anteater-114861.hostingersite.com\/?product=personalize-sobrenome","url":"https:\/\/mediumvioletred-anteater-114861.hostingersite.com\/?product=personalize-sobrenome","name":"Personalize - Sobrenome - https:\/\/goornament.com.br","isPartOf":{"@id":"https:\/\/goornament.com.br\/#website"},"primaryImageOfPage":{"@id":"https:\/\/mediumvioletred-anteater-114861.hostingersite.com\/?product=personalize-sobrenome#primaryimage"},"image":{"@id":"https:\/\/mediumvioletred-anteater-114861.hostingersite.com\/?product=personalize-sobrenome#primaryimage"},"thumbnailUrl":"https:\/\/goornament.com.br\/wp-content\/uploads\/2025\/01\/02-5x7-A4-PORTRAIT-frame-03-13.png","datePublished":"2025-01-28T03:46:12+00:00","dateModified":"2026-02-08T19:37:40+00:00","breadcrumb":{"@id":"https:\/\/mediumvioletred-anteater-114861.hostingersite.com\/?product=personalize-sobrenome#breadcrumb"},"inLanguage":"pt-BR","potentialAction":[{"@type":"ReadAction","target":["https:\/\/mediumvioletred-anteater-114861.hostingersite.com\/?product=personalize-sobrenome"]}]},{"@type":"ImageObject","inLanguage":"pt-BR","@id":"https:\/\/mediumvioletred-anteater-114861.hostingersite.com\/?product=personalize-sobrenome#primaryimage","url":"https:\/\/goornament.com.br\/wp-content\/uploads\/2025\/01\/02-5x7-A4-PORTRAIT-frame-03-13.png","contentUrl":"https:\/\/goornament.com.br\/wp-content\/uploads\/2025\/01\/02-5x7-A4-PORTRAIT-frame-03-13.png","width":2000,"height":3000},{"@type":"BreadcrumbList","@id":"https:\/\/mediumvioletred-anteater-114861.hostingersite.com\/?product=personalize-sobrenome#breadcrumb","itemListElement":[{"@type":"ListItem","position":1,"name":"In\u00edcio","item":"https:\/\/goornament.com.br\/"},{"@type":"ListItem","position":2,"name":"Loja","item":"https:\/\/mediumvioletred-anteater-114861.hostingersite.com\/?page_id=2378"},{"@type":"ListItem","position":3,"name":"Personalize &#8211; Sobrenome"}]},{"@type":"WebSite","@id":"https:\/\/goornament.com.br\/#website","url":"https:\/\/goornament.com.br\/","name":"https:\/\/goornament.com.br","description":"","publisher":{"@id":"https:\/\/goornament.com.br\/#organization"},"potentialAction":[{"@type":"SearchAction","target":{"@type":"EntryPoint","urlTemplate":"https:\/\/goornament.com.br\/?s={search_term_string}"},"query-input":{"@type":"PropertyValueSpecification","valueRequired":true,"valueName":"search_term_string"}}],"inLanguage":"pt-BR"},{"@type":"Organization","@id":"https:\/\/goornament.com.br\/#organization","name":"https:\/\/goornament.com.br","url":"https:\/\/goornament.com.br\/","logo":{"@type":"ImageObject","inLanguage":"pt-BR","@id":"https:\/\/goornament.com.br\/#\/schema\/logo\/image\/","url":"https:\/\/goornament.com.br\/wp-content\/uploads\/2024\/10\/LOGO-EXPERIMENTO5.png","contentUrl":"https:\/\/goornament.com.br\/wp-content\/uploads\/2024\/10\/LOGO-EXPERIMENTO5.png","width":4675,"height":4675,"caption":"https:\/\/goornament.com.br"},"image":{"@id":"https:\/\/goornament.com.br\/#\/schema\/logo\/image\/"}}]}},"_links":{"self":[{"href":"https:\/\/goornament.com.br\/index.php?rest_route=\/wp\/v2\/product\/9191","targetHints":{"allow":["GET"]}}],"collection":[{"href":"https:\/\/goornament.com.br\/index.php?rest_route=\/wp\/v2\/product"}],"about":[{"href":"https:\/\/goornament.com.br\/index.php?rest_route=\/wp\/v2\/types\/product"}],"replies":[{"embeddable":true,"href":"https:\/\/goornament.com.br\/index.php?rest_route=%2Fwp%2Fv2%2Fcomments&post=9191"}],"version-history":[{"count":5,"href":"https:\/\/goornament.com.br\/index.php?rest_route=\/wp\/v2\/product\/9191\/revisions"}],"predecessor-version":[{"id":33079,"href":"https:\/\/goornament.com.br\/index.php?rest_route=\/wp\/v2\/product\/9191\/revisions\/33079"}],"wp:featuredmedia":[{"embeddable":true,"href":"https:\/\/goornament.com.br\/index.php?rest_route=\/wp\/v2\/media\/9317"}],"wp:attachment":[{"href":"https:\/\/goornament.com.br\/index.php?rest_route=%2Fwp%2Fv2%2Fmedia&parent=9191"}],"wp:term":[{"taxonomy":"product_brand","embeddable":true,"href":"https:\/\/goornament.com.br\/index.php?rest_route=%2Fwp%2Fv2%2Fproduct_brand&post=9191"},{"taxonomy":"product_cat","embeddable":true,"href":"https:\/\/goornament.com.br\/index.php?rest_route=%2Fwp%2Fv2%2Fproduct_cat&post=9191"},{"taxonomy":"product_tag","embeddable":true,"href":"https:\/\/goornament.com.br\/index.php?rest_route=%2Fwp%2Fv2%2Fproduct_tag&post=9191"}],"curies":[{"name":"wp","href":"https:\/\/api.w.org\/{rel}","templated":true}]}}